{"id":12,"date":"2016-03-23T17:57:28","date_gmt":"2016-03-23T17:57:28","guid":{"rendered":"https:\/\/fortaleza.wordcamp.org\/2016\/organizers\/"},"modified":"2016-06-21T20:39:40","modified_gmt":"2016-06-21T23:39:40","slug":"organizadores-voluntarios","status":"publish","type":"page","link":"https:\/\/fortaleza.wordcamp.org\/2016\/sobre-o-evento\/organizadores-voluntarios\/","title":{"rendered":"Organizadores e Volunt\u00e1rios"},"content":{"rendered":"<p>Organizadores s\u00e3o pessoas que ajudam realizar volunt\u00e1riamente os WordCamps.<\/p>\n\t<div class=\"wcorg-organizers\">\n\n\t\t\n\t\t\t<div class=\"wcorg-organizer\">\n\t\t\t\t<h2>Luis Filho<\/h2>\n\t\t\t\t<div class=\"wcorg-organizer-description\">\n\t\t\t\t\t\t\t\t\t\t<img alt='' src='https:\/\/secure.gravatar.com\/avatar\/c90a00af5e041191c2fcd95786677c32d54d8ccdac163386435281ee4fa92ed5?s=100&#038;d=mm&#038;r=g' srcset='https:\/\/secure.gravatar.com\/avatar\/c90a00af5e041191c2fcd95786677c32d54d8ccdac163386435281ee4fa92ed5?s=200&#038;d=mm&#038;r=g 2x' class='avatar avatar-100 photo' height='100' width='100' \/>\t\t\t\t\t<p>Desenvolvedor front-end apaixonado por WordPress, nascido e criado na cidade de\u00a0Fortaleza Cear\u00e1,\u00a0Luis contribui regularmente nos Meetups de WordPress em Fortaleza.<\/p>\n<p>&nbsp;<\/p>\n<div id=\"attachment_122\" style=\"width: 650px\" class=\"wp-caption aligncenter\"><a href=\"https:\/\/fortaleza.wordcamp.org\/2016\/files\/2016\/06\/luis.jpg\"><img loading=\"lazy\" decoding=\"async\" aria-describedby=\"caption-attachment-122\" class=\"wp-image-122 size-large\" src=\"https:\/\/fortaleza.wordcamp.org\/2016\/files\/2016\/06\/luis-1024x682.jpg\" alt=\"Luis Filho\" width=\"640\" height=\"426\" srcset=\"https:\/\/fortaleza.wordcamp.org\/2016\/files\/2016\/06\/luis-1024x682.jpg 1024w, https:\/\/fortaleza.wordcamp.org\/2016\/files\/2016\/06\/luis-300x200.jpg 300w, https:\/\/fortaleza.wordcamp.org\/2016\/files\/2016\/06\/luis-768x512.jpg 768w, https:\/\/fortaleza.wordcamp.org\/2016\/files\/2016\/06\/luis-450x300.jpg 450w, https:\/\/fortaleza.wordcamp.org\/2016\/files\/2016\/06\/luis-1200x800.jpg 1200w, https:\/\/fortaleza.wordcamp.org\/2016\/files\/2016\/06\/luis.jpg 2000w\" sizes=\"auto, (max-width: 640px) 100vw, 640px\" \/><\/a><p id=\"caption-attachment-122\" class=\"wp-caption-text\">Luis Filho apresentando palestra sobre WordPress<\/p><\/div>\n\t\t\t\t<\/div>\n\t\t\t<\/div>\n\n\t\t\n\t\t\t<div class=\"wcorg-organizer\">\n\t\t\t\t<h2>Camilinha Rodrigues<\/h2>\n\t\t\t\t<div class=\"wcorg-organizer-description\">\n\t\t\t\t\t\t\t\t\t\t<img alt='' src='https:\/\/secure.gravatar.com\/avatar\/ad9b82f7a0dc3fea0b4ec896636035d890fbd3c498dd2644b68bf38839b216c1?s=100&#038;d=mm&#038;r=g' srcset='https:\/\/secure.gravatar.com\/avatar\/ad9b82f7a0dc3fea0b4ec896636035d890fbd3c498dd2644b68bf38839b216c1?s=200&#038;d=mm&#038;r=g 2x' class='avatar avatar-100 photo' height='100' width='100' \/>\t\t\t\t\t<p>Consultora Digital a mais de 6 anos, graduanda em Marketing (FIC) e Sistemas e M\u00eddias Digitais pela Universidade Federal do Cear\u00e1, apaixonada por Internet e faascinada pelo WordPress, ferramenta que desde 2012 me encanta com suas facilidades e funcionalidades. O WordPress foi respons\u00e1vel por dar um up e diferencial para minha carreira digital e hoje \u00e9 uma honra poder contribuir para a comunidade ajudando na organiza\u00e7\u00e3o dos eventos e palestrando.<\/p>\n<p>&nbsp;<\/p>\n<div id=\"attachment_265\" style=\"width: 610px\" class=\"wp-caption aligncenter\"><img loading=\"lazy\" decoding=\"async\" aria-describedby=\"caption-attachment-265\" class=\"wp-image-265 size-full\" src=\"https:\/\/fortaleza.wordcamp.org\/2016\/files\/2016\/03\/600_450956663.jpeg\" alt=\"Meetup WordPress Fortaleza\" width=\"600\" height=\"450\" srcset=\"https:\/\/fortaleza.wordcamp.org\/2016\/files\/2016\/03\/600_450956663.jpeg 600w, https:\/\/fortaleza.wordcamp.org\/2016\/files\/2016\/03\/600_450956663-300x225.jpeg 300w, https:\/\/fortaleza.wordcamp.org\/2016\/files\/2016\/03\/600_450956663-400x300.jpeg 400w\" sizes=\"auto, (max-width: 600px) 100vw, 600px\" \/><p id=\"caption-attachment-265\" class=\"wp-caption-text\">Camilinha apresentando o Meetup WordPress Fortaleza<\/p><\/div>\n\t\t\t\t<\/div>\n\t\t\t<\/div>\n\n\t\t\n\t\t\t<div class=\"wcorg-organizer\">\n\t\t\t\t<h2>Emanuel Costa<\/h2>\n\t\t\t\t<div class=\"wcorg-organizer-description\">\n\t\t\t\t\t\t\t\t\t\t<img alt='' src='https:\/\/secure.gravatar.com\/avatar\/fbe9d8b8e3580ba760b7af40d117c0ce53d495ca80c80d0f35a1878971b6eca5?s=100&#038;d=mm&#038;r=g' srcset='https:\/\/secure.gravatar.com\/avatar\/fbe9d8b8e3580ba760b7af40d117c0ce53d495ca80c80d0f35a1878971b6eca5?s=200&#038;d=mm&#038;r=g 2x' class='avatar avatar-100 photo' height='100' width='100' \/>\t\t\t\t\t<p>Cearense radicado nos EUA \u00e0 quase 20 anos, Emanuel desenvolve sites desde 1993, teve seu primeiro contato com a internet quando era estagi\u00e1rio do laborat\u00f3rio de informatica do centro de tecnologia da Universidade Federal do Cear\u00e1.<\/p>\n<p>Hoje, desenvolve websites e sistemas customizados usando WordPress e \u00e9 um grande entusiasta desse poderoso CMS (sistema de gerenciamento de conte\u00fado em ingl\u00eas). Participa ativamente do meetup de WooCommerce em Las Vegas e recentemente foi para os seguintes WordCamps:<\/p>\n<p>&nbsp;<\/p>\n<ul>\n<li>WordCamp Orange County 2016<\/li>\n<li>WordCamp San Diego 2016<\/li>\n<li>WordCamp Miami 2016<\/li>\n<li>WordCamp US 2015<\/li>\n<li>WordCamp Las Vegas 2015<\/li>\n<li>WordCamp Salt Lake City 2015<\/li>\n<li>WordCamp Los Angeles 2015<\/li>\n<li>WordCamp Orange County 2015<\/li>\n<li>WordCamp Orlando 2014<\/li>\n<li>WordCamp Miami 2014\n<p><div id=\"attachment_101\" style=\"width: 650px\" class=\"wp-caption aligncenter\"><img loading=\"lazy\" decoding=\"async\" aria-describedby=\"caption-attachment-101\" class=\"wp-image-101 size-large\" src=\"https:\/\/fortaleza.wordcamp.org\/2016\/files\/2016\/06\/2016-WordCamp-San-Diego-Open-Discussion-hi-res-7102-1024x728.jpg\" alt=\"An Open Discussion on WordPress issues and beyond was led by Russell Aaron, at WordCamp San Diego 2016 #WCSD\" width=\"640\" height=\"455\" srcset=\"https:\/\/fortaleza.wordcamp.org\/2016\/files\/2016\/06\/2016-WordCamp-San-Diego-Open-Discussion-hi-res-7102-1024x728.jpg 1024w, https:\/\/fortaleza.wordcamp.org\/2016\/files\/2016\/06\/2016-WordCamp-San-Diego-Open-Discussion-hi-res-7102-300x213.jpg 300w, https:\/\/fortaleza.wordcamp.org\/2016\/files\/2016\/06\/2016-WordCamp-San-Diego-Open-Discussion-hi-res-7102-768x546.jpg 768w, https:\/\/fortaleza.wordcamp.org\/2016\/files\/2016\/06\/2016-WordCamp-San-Diego-Open-Discussion-hi-res-7102-422x300.jpg 422w, https:\/\/fortaleza.wordcamp.org\/2016\/files\/2016\/06\/2016-WordCamp-San-Diego-Open-Discussion-hi-res-7102-1200x853.jpg 1200w, https:\/\/fortaleza.wordcamp.org\/2016\/files\/2016\/06\/2016-WordCamp-San-Diego-Open-Discussion-hi-res-7102.jpg 1800w\" sizes=\"auto, (max-width: 640px) 100vw, 640px\" \/><p id=\"caption-attachment-101\" class=\"wp-caption-text\">Emanuel no\u00a0WordCamp San Diego 2016 #WCSD<\/p><\/div><\/li>\n<\/ul>\n<p><a href=\"https:\/\/blog.emanuelcosta.com\/\">Emanuel Costa escreve um blog em ingl\u00eas &#8220;para ele mesmo&#8221; sobre desenvolvimento web, SEO, marketing online, configura\u00e7\u00e3o de servidores, e obviamente WooCommerce e WordPress<\/a>.<\/p>\n\t\t\t\t<\/div>\n\t\t\t<\/div>\n\n\t\t\n\t<\/div><!-- .wcorg-organizers -->\n\t\n","protected":false},"excerpt":{"rendered":"<p>Organizadores s\u00e3o pessoas que ajudam realizar volunt\u00e1riamente os WordCamps.<\/p>\n","protected":false},"author":10023711,"featured_media":0,"parent":120,"menu_order":0,"comment_status":"closed","ping_status":"closed","template":"","meta":{"_crdt_document":"","jetpack_post_was_ever_published":false,"footnotes":""},"class_list":["post-12","page","type-page","status-publish","hentry"],"jetpack_sharing_enabled":true,"jetpack_shortlink":"https:\/\/wp.me\/P7nbJR-c","jetpack_likes_enabled":true,"_links":{"self":[{"href":"https:\/\/fortaleza.wordcamp.org\/2016\/wp-json\/wp\/v2\/pages\/12","targetHints":{"allow":["GET"]}}],"collection":[{"href":"https:\/\/fortaleza.wordcamp.org\/2016\/wp-json\/wp\/v2\/pages"}],"about":[{"href":"https:\/\/fortaleza.wordcamp.org\/2016\/wp-json\/wp\/v2\/types\/page"}],"author":[{"embeddable":true,"href":"https:\/\/fortaleza.wordcamp.org\/2016\/wp-json\/wp\/v2\/users\/10023711"}],"replies":[{"embeddable":true,"href":"https:\/\/fortaleza.wordcamp.org\/2016\/wp-json\/wp\/v2\/comments?post=12"}],"version-history":[{"count":2,"href":"https:\/\/fortaleza.wordcamp.org\/2016\/wp-json\/wp\/v2\/pages\/12\/revisions"}],"predecessor-version":[{"id":293,"href":"https:\/\/fortaleza.wordcamp.org\/2016\/wp-json\/wp\/v2\/pages\/12\/revisions\/293"}],"up":[{"embeddable":true,"href":"https:\/\/fortaleza.wordcamp.org\/2016\/wp-json\/wp\/v2\/pages\/120"}],"wp:attachment":[{"href":"https:\/\/fortaleza.wordcamp.org\/2016\/wp-json\/wp\/v2\/media?parent=12"}],"curies":[{"name":"wp","href":"https:\/\/api.w.org\/{rel}","templated":true}]}}

Organizadores e Voluntários

<p>Organizadores são pessoas que ajudam realizar voluntáriamente os WordCamps.</p>
	<div class="wcorg-organizers">

		
			<div class="wcorg-organizer">
				<h2>Luis Filho</h2>
				<div class="wcorg-organizer-description">
										<img alt='' src='https://secure.gravatar.com/avatar/c90a00af5e041191c2fcd95786677c32d54d8ccdac163386435281ee4fa92ed5?s=100&#038;d=mm&#038;r=g' srcset='https://secure.gravatar.com/avatar/c90a00af5e041191c2fcd95786677c32d54d8ccdac163386435281ee4fa92ed5?s=200&#038;d=mm&#038;r=g 2x' class='avatar avatar-100 photo' height='100' width='100' />					<p>Desenvolvedor front-end apaixonado por WordPress, nascido e criado na cidade de Fortaleza Ceará, Luis contribui regularmente nos Meetups de WordPress em Fortaleza.</p>
<p>&nbsp;</p>
<div id="attachment_122" style="width: 650px" class="wp-caption aligncenter"><a href="https://fortaleza.wordcamp.org/2016/files/2016/06/luis.jpg"><img loading="lazy" decoding="async" aria-describedby="caption-attachment-122" class="wp-image-122 size-large" src="https://fortaleza.wordcamp.org/2016/files/2016/06/luis-1024x682.jpg" alt="Luis Filho" width="640" height="426" srcset="https://fortaleza.wordcamp.org/2016/files/2016/06/luis-1024x682.jpg 1024w, https://fortaleza.wordcamp.org/2016/files/2016/06/luis-300x200.jpg 300w, https://fortaleza.wordcamp.org/2016/files/2016/06/luis-768x512.jpg 768w, https://fortaleza.wordcamp.org/2016/files/2016/06/luis-450x300.jpg 450w, https://fortaleza.wordcamp.org/2016/files/2016/06/luis-1200x800.jpg 1200w, https://fortaleza.wordcamp.org/2016/files/2016/06/luis.jpg 2000w" sizes="auto, (max-width: 640px) 100vw, 640px" /></a><p id="caption-attachment-122" class="wp-caption-text">Luis Filho apresentando palestra sobre WordPress</p></div>
				</div>
			</div>

		
			<div class="wcorg-organizer">
				<h2>Camilinha Rodrigues</h2>
				<div class="wcorg-organizer-description">
										<img alt='' src='https://secure.gravatar.com/avatar/ad9b82f7a0dc3fea0b4ec896636035d890fbd3c498dd2644b68bf38839b216c1?s=100&#038;d=mm&#038;r=g' srcset='https://secure.gravatar.com/avatar/ad9b82f7a0dc3fea0b4ec896636035d890fbd3c498dd2644b68bf38839b216c1?s=200&#038;d=mm&#038;r=g 2x' class='avatar avatar-100 photo' height='100' width='100' />					<p>Consultora Digital a mais de 6 anos, graduanda em Marketing (FIC) e Sistemas e Mídias Digitais pela Universidade Federal do Ceará, apaixonada por Internet e faascinada pelo WordPress, ferramenta que desde 2012 me encanta com suas facilidades e funcionalidades. O WordPress foi responsável por dar um up e diferencial para minha carreira digital e hoje é uma honra poder contribuir para a comunidade ajudando na organização dos eventos e palestrando.</p>
<p>&nbsp;</p>
<div id="attachment_265" style="width: 610px" class="wp-caption aligncenter"><img loading="lazy" decoding="async" aria-describedby="caption-attachment-265" class="wp-image-265 size-full" src="https://fortaleza.wordcamp.org/2016/files/2016/03/600_450956663.jpeg" alt="Meetup WordPress Fortaleza" width="600" height="450" srcset="https://fortaleza.wordcamp.org/2016/files/2016/03/600_450956663.jpeg 600w, https://fortaleza.wordcamp.org/2016/files/2016/03/600_450956663-300x225.jpeg 300w, https://fortaleza.wordcamp.org/2016/files/2016/03/600_450956663-400x300.jpeg 400w" sizes="auto, (max-width: 600px) 100vw, 600px" /><p id="caption-attachment-265" class="wp-caption-text">Camilinha apresentando o Meetup WordPress Fortaleza</p></div>
				</div>
			</div>

		
			<div class="wcorg-organizer">
				<h2>Emanuel Costa</h2>
				<div class="wcorg-organizer-description">
										<img alt='' src='https://secure.gravatar.com/avatar/fbe9d8b8e3580ba760b7af40d117c0ce53d495ca80c80d0f35a1878971b6eca5?s=100&#038;d=mm&#038;r=g' srcset='https://secure.gravatar.com/avatar/fbe9d8b8e3580ba760b7af40d117c0ce53d495ca80c80d0f35a1878971b6eca5?s=200&#038;d=mm&#038;r=g 2x' class='avatar avatar-100 photo' height='100' width='100' />					<p>Cearense radicado nos EUA à quase 20 anos, Emanuel desenvolve sites desde 1993, teve seu primeiro contato com a internet quando era estagiário do laboratório de informatica do centro de tecnologia da Universidade Federal do Ceará.</p>
<p>Hoje, desenvolve websites e sistemas customizados usando WordPress e é um grande entusiasta desse poderoso CMS (sistema de gerenciamento de conteúdo em inglês). Participa ativamente do meetup de WooCommerce em Las Vegas e recentemente foi para os seguintes WordCamps:</p>
<p>&nbsp;</p>
<ul>
<li>WordCamp Orange County 2016</li>
<li>WordCamp San Diego 2016</li>
<li>WordCamp Miami 2016</li>
<li>WordCamp US 2015</li>
<li>WordCamp Las Vegas 2015</li>
<li>WordCamp Salt Lake City 2015</li>
<li>WordCamp Los Angeles 2015</li>
<li>WordCamp Orange County 2015</li>
<li>WordCamp Orlando 2014</li>
<li>WordCamp Miami 2014
<p><div id="attachment_101" style="width: 650px" class="wp-caption aligncenter"><img loading="lazy" decoding="async" aria-describedby="caption-attachment-101" class="wp-image-101 size-large" src="https://fortaleza.wordcamp.org/2016/files/2016/06/2016-WordCamp-San-Diego-Open-Discussion-hi-res-7102-1024x728.jpg" alt="An Open Discussion on WordPress issues and beyond was led by Russell Aaron, at WordCamp San Diego 2016 #WCSD" width="640" height="455" srcset="https://fortaleza.wordcamp.org/2016/files/2016/06/2016-WordCamp-San-Diego-Open-Discussion-hi-res-7102-1024x728.jpg 1024w, https://fortaleza.wordcamp.org/2016/files/2016/06/2016-WordCamp-San-Diego-Open-Discussion-hi-res-7102-300x213.jpg 300w, https://fortaleza.wordcamp.org/2016/files/2016/06/2016-WordCamp-San-Diego-Open-Discussion-hi-res-7102-768x546.jpg 768w, https://fortaleza.wordcamp.org/2016/files/2016/06/2016-WordCamp-San-Diego-Open-Discussion-hi-res-7102-422x300.jpg 422w, https://fortaleza.wordcamp.org/2016/files/2016/06/2016-WordCamp-San-Diego-Open-Discussion-hi-res-7102-1200x853.jpg 1200w, https://fortaleza.wordcamp.org/2016/files/2016/06/2016-WordCamp-San-Diego-Open-Discussion-hi-res-7102.jpg 1800w" sizes="auto, (max-width: 640px) 100vw, 640px" /><p id="caption-attachment-101" class="wp-caption-text">Emanuel no WordCamp San Diego 2016 #WCSD</p></div></li>
</ul>
<p><a href="https://blog.emanuelcosta.com/">Emanuel Costa escreve um blog em inglês &#8220;para ele mesmo&#8221; sobre desenvolvimento web, SEO, marketing online, configuração de servidores, e obviamente WooCommerce e WordPress</a>.</p>
				</div>
			</div>

		
	</div><!-- .wcorg-organizers -->

<p>Organizadores são pessoas que ajudam realizar voluntáriamente os WordCamps.</p>
