{"id":131,"date":"2016-06-15T15:16:15","date_gmt":"2016-06-15T18:16:15","guid":{"rendered":"https:\/\/fortaleza.wordcamp.org\/2016\/?page_id=131"},"modified":"2016-06-15T19:51:19","modified_gmt":"2016-06-15T22:51:19","slug":"politica-de-privacidade","status":"publish","type":"page","link":"https:\/\/fortaleza.wordcamp.org\/2016\/sobre-o-evento\/politica-de-privacidade\/","title":{"rendered":"Politica de Privacidade"},"content":{"rendered":"<header class=\"entry-header\">\n<p class=\"entry-title\">Informa\u00e7\u00f5es e dados pessoais fornecidos \u00e0 organiza\u00e7\u00e3o do <strong>WordCamp Fortaleza 2016<\/strong>\u00a0\u2013 cuja veracidade e exatid\u00e3o s\u00e3o de total responsabilidade do inscrito \u2013 ser\u00e3o coletados e guardados em conformidade com padr\u00f5es r\u00edgidos de confidencialidade e de seguran\u00e7a, e utilizados para as seguintes finalidades:<\/p>\n<\/header>\n<div class=\"entry-content\">\n<ul>\n<li>comunicar o inscrito a respeito de novos produtos, promo\u00e7\u00f5es, not\u00edcias relacionadas ao evento;<\/li>\n<li>manter atualizados os cadastros dos inscritos para fins de contato;<\/li>\n<li>elaborar estat\u00edsticas gerais, sem que haja identifica\u00e7\u00e3o dos inscritos;<\/li>\n<li>responder \u00e0s d\u00favidas e solicita\u00e7\u00f5es dos inscritos no evento.<\/li>\n<\/ul>\n<p>O acesso \u00e0s informa\u00e7\u00f5es recebidas \u00e9 restrito apenas aos integrantes da organiza\u00e7\u00e3o do WordCamp Fortaleza 2016, autorizados para o uso adequado dessas informa\u00e7\u00f5es. Se o inscrito desejar que seu cadastro seja exclu\u00eddo, ele poder\u00e1 solicitar a exclus\u00e3o a qualquer momento, o que ser\u00e1 feito imediatamente. Feita tal exclus\u00e3o, seu cadastro ser\u00e1 desativado da base de dados do WordCamp S\u00e3o Paulo 2015.<\/p>\n<p>A organiza\u00e7\u00e3o do <strong>WordCamp Fortaleza 2016<\/strong>\u00a0n\u00e3o vender\u00e1 ou alugar\u00e1 quaisquer dados pessoais dos usu\u00e1rios cadastrados a quaisquer terceiro<\/p>\n<\/div>\n","protected":false},"excerpt":{"rendered":"<p>Informa\u00e7\u00f5es e dados pessoais fornecidos \u00e0 organiza\u00e7\u00e3o do WordCamp Fortaleza 2016\u00a0\u2013 cuja veracidade e exatid\u00e3o s\u00e3o de total responsabilidade do inscrito \u2013 ser\u00e3o coletados e guardados em conformidade com padr\u00f5es r\u00edgidos de confidencialidade e de seguran\u00e7a, e utilizados para as &hellip; <a href=\"https:\/\/fortaleza.wordcamp.org\/2016\/sobre-o-evento\/politica-de-privacidade\/\">Continue lendo <span class=\"assistive-text\">Politica de Privacidade<\/span>  <span class=\"meta-nav\">&rarr;<\/span><\/a><\/p>\n","protected":false},"author":10023711,"featured_media":0,"parent":120,"menu_order":0,"comment_status":"closed","ping_status":"closed","template":"","meta":{"_crdt_document":"","jetpack_post_was_ever_published":false,"footnotes":""},"class_list":["post-131","page","type-page","status-publish","hentry"],"jetpack_sharing_enabled":true,"jetpack_shortlink":"https:\/\/wp.me\/P7nbJR-27","jetpack_likes_enabled":true,"_links":{"self":[{"href":"https:\/\/fortaleza.wordcamp.org\/2016\/wp-json\/wp\/v2\/pages\/131","targetHints":{"allow":["GET"]}}],"collection":[{"href":"https:\/\/fortaleza.wordcamp.org\/2016\/wp-json\/wp\/v2\/pages"}],"about":[{"href":"https:\/\/fortaleza.wordcamp.org\/2016\/wp-json\/wp\/v2\/types\/page"}],"author":[{"embeddable":true,"href":"https:\/\/fortaleza.wordcamp.org\/2016\/wp-json\/wp\/v2\/users\/10023711"}],"replies":[{"embeddable":true,"href":"https:\/\/fortaleza.wordcamp.org\/2016\/wp-json\/wp\/v2\/comments?post=131"}],"version-history":[{"count":1,"href":"https:\/\/fortaleza.wordcamp.org\/2016\/wp-json\/wp\/v2\/pages\/131\/revisions"}],"predecessor-version":[{"id":132,"href":"https:\/\/fortaleza.wordcamp.org\/2016\/wp-json\/wp\/v2\/pages\/131\/revisions\/132"}],"up":[{"embeddable":true,"href":"https:\/\/fortaleza.wordcamp.org\/2016\/wp-json\/wp\/v2\/pages\/120"}],"wp:attachment":[{"href":"https:\/\/fortaleza.wordcamp.org\/2016\/wp-json\/wp\/v2\/media?parent=131"}],"curies":[{"name":"wp","href":"https:\/\/api.w.org\/{rel}","templated":true}]}}

<header class="entry-header">
<p class="entry-title">Informações e dados pessoais fornecidos à organização do <strong>WordCamp Fortaleza 2016</strong> – cuja veracidade e exatidão são de total responsabilidade do inscrito – serão coletados e guardados em conformidade com padrões rígidos de confidencialidade e de segurança, e utilizados para as seguintes finalidades:</p>
</header>
<div class="entry-content">
<ul>
<li>comunicar o inscrito a respeito de novos produtos, promoções, notícias relacionadas ao evento;</li>
<li>manter atualizados os cadastros dos inscritos para fins de contato;</li>
<li>elaborar estatísticas gerais, sem que haja identificação dos inscritos;</li>
<li>responder às dúvidas e solicitações dos inscritos no evento.</li>
</ul>
<p>O acesso às informações recebidas é restrito apenas aos integrantes da organização do WordCamp Fortaleza 2016, autorizados para o uso adequado dessas informações. Se o inscrito desejar que seu cadastro seja excluído, ele poderá solicitar a exclusão a qualquer momento, o que será feito imediatamente. Feita tal exclusão, seu cadastro será desativado da base de dados do WordCamp São Paulo 2015.</p>
<p>A organização do <strong>WordCamp Fortaleza 2016</strong> não venderá ou alugará quaisquer dados pessoais dos usuários cadastrados a quaisquer terceiro</p>
</div>

<p>Informações e dados pessoais fornecidos à organização do WordCamp Fortaleza 2016 – cuja veracidade e exatidão são de total responsabilidade do inscrito – serão coletados e guardados em conformidade com padrões rígidos de confidencialidade e de segurança, e utilizados para as &hellip; <a href="https://fortaleza.wordcamp.org/2016/sobre-o-evento/politica-de-privacidade/">Continue lendo <span class="assistive-text">Politica de Privacidade</span>  <span class="meta-nav">&rarr;</span></a></p>
