{"id":138,"date":"2016-06-15T15:26:10","date_gmt":"2016-06-15T18:26:10","guid":{"rendered":"https:\/\/fortaleza.wordcamp.org\/2016\/?page_id=138"},"modified":"2016-08-12T12:09:30","modified_gmt":"2016-08-12T15:09:30","slug":"perguntas-e-respostas-frequentes","status":"publish","type":"page","link":"https:\/\/fortaleza.wordcamp.org\/2016\/guia-de-sobrevivencia\/perguntas-e-respostas-frequentes\/","title":{"rendered":"Perguntas e Respostas Frequentes"},"content":{"rendered":"<h2>QUAL O LOCAL, DATA E HOR\u00c1RIO?<\/h2>\n<p>O WordCamp Fortaleza acontecer\u00e1 nos dia 13 e 14 de Agosto de 2016, no FB Ideais, o Centro de Inova\u00e7\u00e3o e Empreendedorismo da Faculdade Farias Brito. Endere\u00e7o:\u00a0<a href=\"https:\/\/goo.gl\/P2Twir\">Rua Castro Monte, 1325 &#8211; Varjota, Fortaleza &#8211; CE, Brasil<\/a>. No S\u00e1bado (13) as atividades ter\u00e3o in\u00edcio \u00e0s 08h\u00a0com t\u00e9rmino previsto para as 18h e no Domingo iniciaremos \u00e0s 13h e encerramento \u00e0s 17h. Existe estacionamento gratu\u00edto no local e as ruas possuem seguran\u00e7as. Cheguem cedo pois os brindes ser\u00e3o entregues aos primeiros.<\/p>\n<h2><strong>SOU DE OUTRO ESTADO, ONDE RECOMENDA HOSPEDAGEM E O QUE FAZER NA CIDADE?<\/strong><\/h2>\n<p>Essa \u00e9 mole. Visite o nosso<a href=\"https:\/\/fortaleza.wordcamp.org\/2016\/guia-de-sobrevivencia\/\"> guia de sobreviv\u00eancia<\/a>.<\/p>\n<h2><\/h2>\n<h2><\/h2>\n<h2>POR QUE EST\u00c1 SENDO COBRADA A TAXA DE INSCRI\u00c7\u00c3O?<\/h2>\n<p>A <a href=\"https:\/\/fortaleza.wordcamp.org\/2016\/ingressos\/\">inscri\u00e7\u00e3o <\/a>que custa R$50,00 \u00e9 um valor simb\u00f3lico, e ser\u00e1 utilizada para cobrir o custo da alimenta\u00e7\u00e3o (almo\u00e7o e coffee breaks), camisa, brindes, os impostos sobre o evento, etc.. O evento n\u00e3o possui fins lucrativos, e qualquer arrecada\u00e7\u00e3o excedente permanecer\u00e1 reservada para futuros WordCamps. Todos os organizadores e palestrantes trabalham voluntariamente para retribuir \u00e0 comunidade local.<\/p>\n<h2>POR QUE O INGRESSO \u00c9 T\u00c3O BARATO?<\/h2>\n<p>Gra\u00e7as aos nossos <a href=\"https:\/\/fortaleza.wordcamp.org\/2016\/patrocinadores\/\">patrocinadores<\/a>, aos organizadores, palestrantes e ajudantes que s\u00e3o todos volunt\u00e1rios, o pre\u00e7o dos WordCamps s\u00e3o bastante acess\u00edveis. Para se ter uma id\u00e9ia, um evento desse porte teria facilmente ingressos entre 400 e 500 reais caso a comunidade n\u00e3o se unisse para realiza-lo. Essas pessoas querem retribuir para a comunidade e por isso dedicam tempo, trabalho e at\u00e9 dinheiro para que o conhecimento sobre WordPress seja compartilhado com o maior n\u00famero de pessoas poss\u00edvel.<\/p>\n<h2>COMO S\u00c3O AS PALESTRAS DO WORDCAMP?<\/h2>\n<p>A qualidade das palestras e palestrantes nos WordCamps s\u00e3o incr\u00edvelmento boas. Veja no <a href=\"http:\/\/wordcamp.tv\">WordCamp.TV<\/a> algumas das palestras realizadas recentemente no Brasil e no mundo:<\/p>\n<ul>\n<li><a href=\"https:\/\/wordpress.tv\/event\/wordcamp-rio-de-janeiro-2015\/\">WordCamp Rio de Janeiro 2015<\/a><\/li>\n<li><a href=\"https:\/\/wordpress.tv\/event\/wordcamp-belo-horizonte-2015\/\">WordCamp Belo Horizonte 2015<\/a>os<\/li>\n<li><a href=\"https:\/\/wordpress.tv\/event\/wordcamp-sao-paulo-2014\/\">WordCamp S\u00e3o Paulo 2014<\/a><\/li>\n<li><a href=\"https:\/\/wordpress.tv\/event\/wordcamp-us-2015\/\">WordCamp USA 2015<\/a> (ingl\u00eas)<\/li>\n<li><a href=\"https:\/\/wordpress.tv\/event\/wordcamp-london-2016\/\">WordCamp London 2016<\/a> (ingl\u00eas)<\/li>\n<li><a href=\"https:\/\/wordpress.tv\/event\/wordcamp-miami-2016\/\">WordCamp Miami 2016 (ingl\u00eas)<\/a><\/li>\n<li><a href=\"https:\/\/wordpress.tv\/language\/portugueseportugues\/\">Todos os videos de WordCamp em Portugu\u00eas<\/a><\/li>\n<\/ul>\n<h3>O WordCamp Fortaleza ser\u00e1 realizado em tr\u00eas salas ao mesmo tempo. Em uma sala teremos a programa\u00e7\u00e3o de Conte\u00fado e Marketing (Trilha Drag\u00e3o do Mar no audit\u00f3rio\/teatro), na outra sala teremos palestras voltada para designers e desenvolvedores (Trilha Jos\u00e9 de Alencar na Sala 103\/1o andar) e na Trilha Mercado Central (audit\u00f3rio do FB Ideias) teremos oficina e palestras de Com\u00e9rcio Eletr\u00f4nico. Qualquer d\u00favida procure os volunt\u00e1rios com a camisa mais escura do evento.<\/h3>\n<h2>COMO EU RECEBO O INGRESSO DO EVENTO E A MINHA CAMISETA?<\/h2>\n<p>Primeiramente tenha certeza de efetuar a <a href=\"https:\/\/fortaleza.wordcamp.org\/2016\/ingressos\/\">compra do seu ingresso<\/a>. Uma vez confirmado o pagamento, voc\u00ea poder\u00e1 retirar suas credenciais e camiseta no dia e local do evento junto ao balc\u00e3o de credenciamento.<\/p>\n<p>Para isto,<strong> n\u00e3o esque\u00e7a tamb\u00e9m de levar um documento oficial com foto<\/strong>.<\/p>\n<p>O seu kit vai constar da camiseta, brindes, adesivos e a programa\u00e7\u00e3o impressa do evento.<\/p>\n<h2>O QUE EST\u00c1 INCLU\u00cdDO NA TAXA DE INSCRI\u00c7\u00c3O?<\/h2>\n<ul>\n<li>Comparecimento irrestrito \u00e0\u00a0todas as atividades, oficinas e palestras do evento, limitado pela lota\u00e7\u00e3o m\u00e1xima dos audit\u00f3rios e salas;<\/li>\n<li>Alimenta\u00e7\u00e3o e Coffee Breaks;<\/li>\n<li>Camisa, adesivos e brindes.<\/li>\n<\/ul>\n<h2>QUAIS AS FORMAS DE PAGAMENTO?<\/h2>\n<p>Voc\u00ea pode comprar o seu <a href=\"https:\/\/fortaleza.wordcamp.org\/2016\/ingressos\/\">ingresso para o WordCamp Fortaleza<\/a>\u00a0usando cart\u00e3o de credito pelo PagSeguro ou Paypal.<strong> Boleto pelo PagSeguro s\u00f3 ser\u00e1 aceito at\u00e9 o dia 3 de Agosto.<\/strong><\/p>\n<h2>FIZ A INSCRI\u00c7\u00c3O E N\u00c3O RECEBI O EMAIL DE CONFIRMA\u00c7\u00c3O. O QUE EU FA\u00c7O?<\/h2>\n<p>Aguarde um pouco e verifique sua caixa de SPAM. Se voc\u00ea n\u00e3o receber em no m\u00e1ximo 30 minutos, entre em contato pelo email fortaleza<em>[arroba]wordcamp.org<\/em><\/p>\n<p>Voc\u00ea pode tambem confirmar sua presen\u00e7a na <a href=\"https:\/\/fortaleza.wordcamp.org\/2016\/participantes\/\">p\u00e1gina que lista os participantes<\/a>.<\/p>\n<h2>QUEM VAI COMPARECER AO WORDCAMP?<\/h2>\n<p><strong>Todo mundo!<\/strong><\/p>\n<p>WordCamps s\u00e3o frequentados por uma variedade incr\u00edvel de pessoas, desde blogueiros iniciantes at\u00e9 desenvolvedores, gestores de conte\u00fado e consultores profissionais de WordPress. A abrang\u00eancia do p\u00fablico interessado reflete a diversidade do universo de pessoas envolvidas com o WordPress.<\/p>\n<p>Se voc\u00ea estiver estiver curioso, muito em breve voc\u00ea vai poder conferir a lista de inscritos aqui e de\u00a0palestrantes.<\/p>\n<h2>\u00c9 PERMITIDO FILMAR, FOTOGRAFAR E FAZER COBERTURAS PARALELAS?<\/h2>\n<h3>Sim e Deve!<\/h3>\n<p>Leve sua m\u00e1quina fotogr\u00e1fica, filmadora, smartphone (deixe no silencioso) e fique \u00e0 vontade. N\u00e3o esque\u00e7a de compartilhar o material depois usando a hastag do evento <strong>#WordCampFOR<\/strong>!<\/p>\n<p>Se voc\u00ea quiser fazer algum trabalho mais elaborado no evento, n\u00e3o esque\u00e7a de trocar uma ideia com a gente pelo e-mail fortaleza<em>[arroba]wordcamp.org<\/em>.<\/p>\n<h2>COMO FA\u00c7O PRA CHEGAR NO FB IDEIAS?<\/h2>\n<p>Muito f\u00e1cil!<\/p>\n<p>Consulte o \u201c<a href=\"https:\/\/fortaleza.wordcamp.org\/2016\/guia-de-sobrevivencia\/\">Guia de Sobreviv\u00eancia<\/a>\u201c.<\/p>\n<h2>O QUE EU DEVO LEVAR AO WORDCAMP?<\/h2>\n<ul>\n<li><strong>Documento de identifica\u00e7\u00e3o com foto<\/strong>, para fins de credenciamento.<\/li>\n<li>Seu laptop ou tablet <strong>carregado<\/strong> \u2014 pode ser dif\u00edcil encontrar uma tomada livre, por isso leve tamb\u00e9m um adaptador para compartilhar.<\/li>\n<li>C\u00e2meras fotogr\u00e1ficas, filmadoras \u2014 \u00e9 permitido filmar, fotografar e gravar.<\/li>\n<li>Cart\u00f5es de visita \u2014 as pessoas ainda gostam deles.<\/li>\n<\/ul>\n<h2>QUAL \u00c9 A HASHTAG OFICIAL DO EVENTO?<\/h2>\n<p><strong>#WordCampFOR<\/strong>! Use e abuse no Twitter, Instagram, Snapchat, Periscope e Facebook.<\/p>\n<h2>QUANTOS PARTICIPANTES S\u00c3O ESPERADOS?<\/h2>\n<p>O WordCamp Fortaleza\u00a0\u00a0est\u00e1 sendo estruturado para um p\u00fablico de <strong>180 a 200 pessoas<\/strong>.<\/p>\n<h2>HAVER\u00c1 DISPONIBILIDADE\u00a0DE\u00a0CONEX\u00c3O\u00a0\u00c0 INTERNET SEM FIO?<\/h2>\n<p>Sim, o FB IDEIAS e a faculdade Farias Brito, apoiador oficial para infraestrutura do evento, ceder\u00e1 aos participantes acesso gratuito wi-fi \u00e0 internet. Procure um dos volunt\u00e1rios para pedir a senha.<\/p>\n<p>Apesar da conex\u00e3o ter sido excelente nos meetups de WordPress\u00a0anteriores, observamos que poder\u00e3o haver eventuais limita\u00e7\u00f5es. Por via das d\u00favidas, organize-se para n\u00e3o depender da Internet no dia do evento.<\/p>\n<h2>COMO RETIRO O CERTIFICADO DE PARTICIPA\u00c7\u00c3O?<\/h2>\n<p>Os certificados ser\u00e3o disponibilizados online. Fique de olho aqui no <a href=\"https:\/\/fortaleza.wordcamp.org\/2016\/noticias\/\">nosso\u00a0blog<\/a> e na na p\u00e1gina do <a href=\"https:\/\/www.facebook.com\/wpfortaleza\">evento no Facebook<\/a>.<\/p>\n<h2>GOSTARIA DE TROCAR IDEIAS COM OS PARTICIPANTES E COM A COMUNIDADE LOCAL DE FORTALEZA?<\/h2>\n<p>Temos um canal exclusivo no Slack. <a href=\"http:\/\/slack-wpbrasil.herokuapp.com\/\">Clique aqui para se cadastrar<\/a> e entre no canal #Fortaleza<\/p>\n<p>Lembre-se que no Slack n\u00e3o \u00e9 oferecido suporte t\u00e9cnico de WordPress para isso utilize o<a href=\"https:\/\/br.forums.wordpress.org\/\"> f\u00f3rum oficial brasileiro<\/a>.<\/p>\n<p>Voc\u00ea pode tambem se cadastar no meetup da <a href=\"http:\/\/www.meetup.com\/wpfortaleza\/\">comunidade WordPress de Fortaleza<\/a>.<\/p>\n<h2>TENHO UMA D\u00daVIDA QUE N\u00c3O EST\u00c1 AQUI. COMO FA\u00c7O?<\/h2>\n<p>Envie um e-mail para fortaleza<em>[arroba]wordcamp.org ou <a href=\"https:\/\/fortaleza.wordcamp.org\/2016\/contato\/\">entre <\/a><\/em>em contato\u00a0Se a d\u00favida for relevante, adicionaremos aqui.<\/p>\n<h2><\/h2>\n","protected":false},"excerpt":{"rendered":"<p>QUAL O LOCAL, DATA E HOR\u00c1RIO? O WordCamp Fortaleza acontecer\u00e1 nos dia 13 e 14 de Agosto de 2016, no FB Ideais, o Centro de Inova\u00e7\u00e3o e Empreendedorismo da Faculdade Farias Brito. Endere\u00e7o:\u00a0Rua Castro Monte, 1325 &#8211; Varjota, Fortaleza &#8211; &hellip; <a href=\"https:\/\/fortaleza.wordcamp.org\/2016\/guia-de-sobrevivencia\/perguntas-e-respostas-frequentes\/\">Continue lendo <span class=\"assistive-text\">Perguntas e Respostas Frequentes<\/span>  <span class=\"meta-nav\">&rarr;<\/span><\/a><\/p>\n","protected":false},"author":10023711,"featured_media":0,"parent":136,"menu_order":0,"comment_status":"closed","ping_status":"closed","template":"","meta":{"_crdt_document":"","jetpack_post_was_ever_published":false,"footnotes":""},"class_list":["post-138","page","type-page","status-publish","hentry"],"jetpack_sharing_enabled":true,"jetpack_shortlink":"https:\/\/wp.me\/P7nbJR-2e","jetpack_likes_enabled":true,"_links":{"self":[{"href":"https:\/\/fortaleza.wordcamp.org\/2016\/wp-json\/wp\/v2\/pages\/138","targetHints":{"allow":["GET"]}}],"collection":[{"href":"https:\/\/fortaleza.wordcamp.org\/2016\/wp-json\/wp\/v2\/pages"}],"about":[{"href":"https:\/\/fortaleza.wordcamp.org\/2016\/wp-json\/wp\/v2\/types\/page"}],"author":[{"embeddable":true,"href":"https:\/\/fortaleza.wordcamp.org\/2016\/wp-json\/wp\/v2\/users\/10023711"}],"replies":[{"embeddable":true,"href":"https:\/\/fortaleza.wordcamp.org\/2016\/wp-json\/wp\/v2\/comments?post=138"}],"version-history":[{"count":21,"href":"https:\/\/fortaleza.wordcamp.org\/2016\/wp-json\/wp\/v2\/pages\/138\/revisions"}],"predecessor-version":[{"id":1404,"href":"https:\/\/fortaleza.wordcamp.org\/2016\/wp-json\/wp\/v2\/pages\/138\/revisions\/1404"}],"up":[{"embeddable":true,"href":"https:\/\/fortaleza.wordcamp.org\/2016\/wp-json\/wp\/v2\/pages\/136"}],"wp:attachment":[{"href":"https:\/\/fortaleza.wordcamp.org\/2016\/wp-json\/wp\/v2\/media?parent=138"}],"curies":[{"name":"wp","href":"https:\/\/api.w.org\/{rel}","templated":true}]}}

<h2>QUAL O LOCAL, DATA E HORÁRIO?</h2>
<p>O WordCamp Fortaleza acontecerá nos dia 13 e 14 de Agosto de 2016, no FB Ideais, o Centro de Inovação e Empreendedorismo da Faculdade Farias Brito. Endereço: <a href="https://goo.gl/P2Twir">Rua Castro Monte, 1325 &#8211; Varjota, Fortaleza &#8211; CE, Brasil</a>. No Sábado (13) as atividades terão início às 08h com término previsto para as 18h e no Domingo iniciaremos às 13h e encerramento às 17h. Existe estacionamento gratuíto no local e as ruas possuem seguranças. Cheguem cedo pois os brindes serão entregues aos primeiros.</p>
<h2><strong>SOU DE OUTRO ESTADO, ONDE RECOMENDA HOSPEDAGEM E O QUE FAZER NA CIDADE?</strong></h2>
<p>Essa é mole. Visite o nosso<a href="https://fortaleza.wordcamp.org/2016/guia-de-sobrevivencia/"> guia de sobrevivência</a>.</p>
<h2></h2>
<h2></h2>
<h2>POR QUE ESTÁ SENDO COBRADA A TAXA DE INSCRIÇÃO?</h2>
<p>A <a href="https://fortaleza.wordcamp.org/2016/ingressos/">inscrição </a>que custa R$50,00 é um valor simbólico, e será utilizada para cobrir o custo da alimentação (almoço e coffee breaks), camisa, brindes, os impostos sobre o evento, etc.. O evento não possui fins lucrativos, e qualquer arrecadação excedente permanecerá reservada para futuros WordCamps. Todos os organizadores e palestrantes trabalham voluntariamente para retribuir à comunidade local.</p>
<h2>POR QUE O INGRESSO É TÃO BARATO?</h2>
<p>Graças aos nossos <a href="https://fortaleza.wordcamp.org/2016/patrocinadores/">patrocinadores</a>, aos organizadores, palestrantes e ajudantes que são todos voluntários, o preço dos WordCamps são bastante acessíveis. Para se ter uma idéia, um evento desse porte teria facilmente ingressos entre 400 e 500 reais caso a comunidade não se unisse para realiza-lo. Essas pessoas querem retribuir para a comunidade e por isso dedicam tempo, trabalho e até dinheiro para que o conhecimento sobre WordPress seja compartilhado com o maior número de pessoas possível.</p>
<h2>COMO SÃO AS PALESTRAS DO WORDCAMP?</h2>
<p>A qualidade das palestras e palestrantes nos WordCamps são incrívelmento boas. Veja no <a href="http://wordcamp.tv">WordCamp.TV</a> algumas das palestras realizadas recentemente no Brasil e no mundo:</p>
<ul>
<li><a href="https://wordpress.tv/event/wordcamp-rio-de-janeiro-2015/">WordCamp Rio de Janeiro 2015</a></li>
<li><a href="https://wordpress.tv/event/wordcamp-belo-horizonte-2015/">WordCamp Belo Horizonte 2015</a>os</li>
<li><a href="https://wordpress.tv/event/wordcamp-sao-paulo-2014/">WordCamp São Paulo 2014</a></li>
<li><a href="https://wordpress.tv/event/wordcamp-us-2015/">WordCamp USA 2015</a> (inglês)</li>
<li><a href="https://wordpress.tv/event/wordcamp-london-2016/">WordCamp London 2016</a> (inglês)</li>
<li><a href="https://wordpress.tv/event/wordcamp-miami-2016/">WordCamp Miami 2016 (inglês)</a></li>
<li><a href="https://wordpress.tv/language/portugueseportugues/">Todos os videos de WordCamp em Português</a></li>
</ul>
<h3>O WordCamp Fortaleza será realizado em três salas ao mesmo tempo. Em uma sala teremos a programação de Conteúdo e Marketing (Trilha Dragão do Mar no auditório/teatro), na outra sala teremos palestras voltada para designers e desenvolvedores (Trilha José de Alencar na Sala 103/1o andar) e na Trilha Mercado Central (auditório do FB Ideias) teremos oficina e palestras de Comércio Eletrônico. Qualquer dúvida procure os voluntários com a camisa mais escura do evento.</h3>
<h2>COMO EU RECEBO O INGRESSO DO EVENTO E A MINHA CAMISETA?</h2>
<p>Primeiramente tenha certeza de efetuar a <a href="https://fortaleza.wordcamp.org/2016/ingressos/">compra do seu ingresso</a>. Uma vez confirmado o pagamento, você poderá retirar suas credenciais e camiseta no dia e local do evento junto ao balcão de credenciamento.</p>
<p>Para isto,<strong> não esqueça também de levar um documento oficial com foto</strong>.</p>
<p>O seu kit vai constar da camiseta, brindes, adesivos e a programação impressa do evento.</p>
<h2>O QUE ESTÁ INCLUÍDO NA TAXA DE INSCRIÇÃO?</h2>
<ul>
<li>Comparecimento irrestrito à todas as atividades, oficinas e palestras do evento, limitado pela lotação máxima dos auditórios e salas;</li>
<li>Alimentação e Coffee Breaks;</li>
<li>Camisa, adesivos e brindes.</li>
</ul>
<h2>QUAIS AS FORMAS DE PAGAMENTO?</h2>
<p>Você pode comprar o seu <a href="https://fortaleza.wordcamp.org/2016/ingressos/">ingresso para o WordCamp Fortaleza</a> usando cartão de credito pelo PagSeguro ou Paypal.<strong> Boleto pelo PagSeguro só será aceito até o dia 3 de Agosto.</strong></p>
<h2>FIZ A INSCRIÇÃO E NÃO RECEBI O EMAIL DE CONFIRMAÇÃO. O QUE EU FAÇO?</h2>
<p>Aguarde um pouco e verifique sua caixa de SPAM. Se você não receber em no máximo 30 minutos, entre em contato pelo email fortaleza<em>[arroba]wordcamp.org</em></p>
<p>Você pode tambem confirmar sua presença na <a href="https://fortaleza.wordcamp.org/2016/participantes/">página que lista os participantes</a>.</p>
<h2>QUEM VAI COMPARECER AO WORDCAMP?</h2>
<p><strong>Todo mundo!</strong></p>
<p>WordCamps são frequentados por uma variedade incrível de pessoas, desde blogueiros iniciantes até desenvolvedores, gestores de conteúdo e consultores profissionais de WordPress. A abrangência do público interessado reflete a diversidade do universo de pessoas envolvidas com o WordPress.</p>
<p>Se você estiver estiver curioso, muito em breve você vai poder conferir a lista de inscritos aqui e de palestrantes.</p>
<h2>É PERMITIDO FILMAR, FOTOGRAFAR E FAZER COBERTURAS PARALELAS?</h2>
<h3>Sim e Deve!</h3>
<p>Leve sua máquina fotográfica, filmadora, smartphone (deixe no silencioso) e fique à vontade. Não esqueça de compartilhar o material depois usando a hastag do evento <strong>#WordCampFOR</strong>!</p>
<p>Se você quiser fazer algum trabalho mais elaborado no evento, não esqueça de trocar uma ideia com a gente pelo e-mail fortaleza<em>[arroba]wordcamp.org</em>.</p>
<h2>COMO FAÇO PRA CHEGAR NO FB IDEIAS?</h2>
<p>Muito fácil!</p>
<p>Consulte o “<a href="https://fortaleza.wordcamp.org/2016/guia-de-sobrevivencia/">Guia de Sobrevivência</a>“.</p>
<h2>O QUE EU DEVO LEVAR AO WORDCAMP?</h2>
<ul>
<li><strong>Documento de identificação com foto</strong>, para fins de credenciamento.</li>
<li>Seu laptop ou tablet <strong>carregado</strong> — pode ser difícil encontrar uma tomada livre, por isso leve também um adaptador para compartilhar.</li>
<li>Câmeras fotográficas, filmadoras — é permitido filmar, fotografar e gravar.</li>
<li>Cartões de visita — as pessoas ainda gostam deles.</li>
</ul>
<h2>QUAL É A HASHTAG OFICIAL DO EVENTO?</h2>
<p><strong>#WordCampFOR</strong>! Use e abuse no Twitter, Instagram, Snapchat, Periscope e Facebook.</p>
<h2>QUANTOS PARTICIPANTES SÃO ESPERADOS?</h2>
<p>O WordCamp Fortaleza  está sendo estruturado para um público de <strong>180 a 200 pessoas</strong>.</p>
<h2>HAVERÁ DISPONIBILIDADE DE CONEXÃO À INTERNET SEM FIO?</h2>
<p>Sim, o FB IDEIAS e a faculdade Farias Brito, apoiador oficial para infraestrutura do evento, cederá aos participantes acesso gratuito wi-fi à internet. Procure um dos voluntários para pedir a senha.</p>
<p>Apesar da conexão ter sido excelente nos meetups de WordPress anteriores, observamos que poderão haver eventuais limitações. Por via das dúvidas, organize-se para não depender da Internet no dia do evento.</p>
<h2>COMO RETIRO O CERTIFICADO DE PARTICIPAÇÃO?</h2>
<p>Os certificados serão disponibilizados online. Fique de olho aqui no <a href="https://fortaleza.wordcamp.org/2016/noticias/">nosso blog</a> e na na página do <a href="https://www.facebook.com/wpfortaleza">evento no Facebook</a>.</p>
<h2>GOSTARIA DE TROCAR IDEIAS COM OS PARTICIPANTES E COM A COMUNIDADE LOCAL DE FORTALEZA?</h2>
<p>Temos um canal exclusivo no Slack. <a href="http://slack-wpbrasil.herokuapp.com/">Clique aqui para se cadastrar</a> e entre no canal #Fortaleza</p>
<p>Lembre-se que no Slack não é oferecido suporte técnico de WordPress para isso utilize o<a href="https://br.forums.wordpress.org/"> fórum oficial brasileiro</a>.</p>
<p>Você pode tambem se cadastar no meetup da <a href="http://www.meetup.com/wpfortaleza/">comunidade WordPress de Fortaleza</a>.</p>
<h2>TENHO UMA DÚVIDA QUE NÃO ESTÁ AQUI. COMO FAÇO?</h2>
<p>Envie um e-mail para fortaleza<em>[arroba]wordcamp.org ou <a href="https://fortaleza.wordcamp.org/2016/contato/">entre </a></em>em contato Se a dúvida for relevante, adicionaremos aqui.</p>
<h2></h2>

<p>QUAL O LOCAL, DATA E HORÁRIO? O WordCamp Fortaleza acontecerá nos dia 13 e 14 de Agosto de 2016, no FB Ideais, o Centro de Inovação e Empreendedorismo da Faculdade Farias Brito. Endereço: Rua Castro Monte, 1325 &#8211; Varjota, Fortaleza &#8211; &hellip; <a href="https://fortaleza.wordcamp.org/2016/guia-de-sobrevivencia/perguntas-e-respostas-frequentes/">Continue lendo <span class="assistive-text">Perguntas e Respostas Frequentes</span>  <span class="meta-nav">&rarr;</span></a></p>
