{"id":155,"date":"2016-06-15T19:44:03","date_gmt":"2016-06-15T22:44:03","guid":{"rendered":"https:\/\/fortaleza.wordcamp.org\/2016\/?page_id=155"},"modified":"2016-07-01T18:48:16","modified_gmt":"2016-07-01T21:48:16","slug":"patrocine-o-wordcamp-fortaleza","status":"publish","type":"page","link":"https:\/\/fortaleza.wordcamp.org\/2016\/patrocinadores\/patrocine-o-wordcamp-fortaleza\/","title":{"rendered":"Patrocine o WordCamp Fortaleza"},"content":{"rendered":"<h2>Por que patrocinar o WordCamp Fortaleza?<\/h2>\n<p>Ser\u00e1 uma opor<span class=\"text_exposed_show\">tunidade \u00fanica para divulgar sua empresa diante da enorme comunidade WordPress de Fortaleza e do Brasil (WordPress domina 25% da Internet), \u00a0associar sua marca com <a href=\"https:\/\/fortaleza.wordcamp.org\/2016\/patrocinadores\/\">grandes empresas<\/a> que j\u00e1 nos apoiam. Fazer network com desenvolvedores, designers e usu\u00e1rios. Al\u00e9m de estar\u00a0retribuindo diretamente com esse projeto open-source. E tem mais, sua empresa vai\u00a0aparecer no <a href=\"https:\/\/wordpress.tv\">wordpress.tv<\/a>\u00a0(Site oficial dos videos de WordPress<i class=\"_lew\" title=\"smile emoticon\"><span class=\"_4mcd\">)<\/span><\/i>\u00a0. Existe tamb\u00e9m a possibilidade de <a href=\"https:\/\/fortaleza.wordcamp.org\/2016\/ingressos\/\">patrocinio pessoal <\/a>com o ingresso &#8220;Praia de Iracema&#8221;.\u00a0<\/span><\/p>\n<p><span class=\"text_exposed_show\">Vale lembrar que o <a href=\"https:\/\/fortaleza.wordcamp.org\/2016\/\">WordCamp Fortaleza<\/a>\u00a0\u00e9 um evento sem fins lucrativos, feito com total transpar\u00eancia, e por volunt\u00e1rios que passam por um processo rigoroso para serem aprovados pela funda\u00e7\u00e3o WordPress, os palestrantes tamb\u00e9m n\u00e3o recebem nada e s\u00e3o de altissimo n\u00edvel. \u00a0<\/span><\/p>\n<h3>Alguns n\u00fameros de WordCamps ao redor do mundo:<\/h3>\n<ul>\n<li>N\u00famero total de WordCamps ao redor do mundo em 2015:<strong> 89<\/strong><\/li>\n<li>N\u00famero total de ingressos vendidos: <strong>21.386<\/strong><\/li>\n<li>N\u00famero m\u00e9dio de pessoas por WordCamp: <strong>245<\/strong><\/li>\n<li>Total de patrocinadores \u00fanicos: <strong>891<\/strong><\/li>\n<li>Comunidade WP-Brasil no Facebook:<strong> 21.296<\/strong><\/li>\n<li>M\u00e9dia de visitas \u00fanicas nesse site por dia: <strong>313<\/strong><\/li>\n<li>Expectativa de audi\u00eancia\/participantes: <strong>200<\/strong><\/li>\n<\/ul>\n<p><span class=\"text_exposed_show\">Contamos com a ajuda de voc\u00eas! Leiam e distribuam <a href=\"https:\/\/fortaleza.wordcamp.org\/2016\/files\/2016\/07\/WordCamp-Fortaleza-2016-Midia-Kit-Web.pdf\">nosso media kit<\/a>(6mb)<\/span><\/p>\n<p><strong>Est\u00e1 interessado em patrocinar?<\/strong> <a href=\"https:\/\/fortaleza.wordcamp.org\/2016\/contato\/\">Entre em contato conosco<\/a>.<\/p>\n<p>Os valores de Patroc\u00ednio \u00a0do WordCamp Fortaleza \u00e9 dividido em diversas cotas, o que torna poss\u00edvel que mais pessoas\/empresas ajudem a realizar o nosso evento.<\/p>\n<h2>CONFIRA NOSSAS COTAS\u00a0DE PATROC\u00cdNIO<\/h2>\n<h4>Jericoacoara\u00a0\u2013 R$ 3.000<\/h4>\n<ul>\n<li>05 ingressos para o WordCamp Fortaleza<\/li>\n<li>Espa\u00e7o para stand no evento de at\u00e9 3m\u00b2<\/li>\n<li>Distribui\u00e7\u00e3o de brindes<\/li>\n<li>Logo e link no site oficial<\/li>\n<li>Logo no programa do evento (impresso)<\/li>\n<li>Logo nos banners do evento<\/li>\n<li>Logo no tel\u00e3o do evento nos intervalos entre as palestras<\/li>\n<li>Post com an\u00fancio oficial de seu patroc\u00ednio no blog, Twitter e Facebook do evento<\/li>\n<li>Agradecimento no encerramento do evento<\/li>\n<\/ul>\n<h4>Canoa Quebrada\u2013 R$ 2.000<\/h4>\n<ul>\n<li>04 ingressos para o WordCamp\u00a0Fortaleza<\/li>\n<li>Espa\u00e7o para stand no evento de at\u00e9 1,5m\u00b2<\/li>\n<li>Distribui\u00e7\u00e3o de brindes<\/li>\n<li>Logo e link no site oficial<\/li>\n<li>Logo no programa do evento (impresso)<\/li>\n<li>Logo nos banners do evento<\/li>\n<li>Logo no tel\u00e3o do evento nos intervalos entre as palestras<\/li>\n<li>Post com an\u00fancio oficial de seu patroc\u00ednio no blog, Twitter e Facebook do evento<\/li>\n<li>Agradecimento no encerramento do evento<\/li>\n<\/ul>\n<h4>Beira Mar\u00a0\u00a0\u2013 R$ 1.000<\/h4>\n<ul>\n<li>03 ingressos para o WordCamp Fortaleza<\/li>\n<li>Distribui\u00e7\u00e3o de brindes<\/li>\n<li>Logo e link no site oficial<\/li>\n<li>Logo nos banners do evento<\/li>\n<li>Post com an\u00fancio oficial de seu patroc\u00ednio no blog, Twitter e Facebook do evento<\/li>\n<li>Agradecimento no encerramento do evento<\/li>\n<\/ul>\n<h4>Praia do Futuro\u2013 R$ 500,00<\/h4>\n<ul>\n<li>02 ingressos para o WordCamp\u00a0Fortaleza<\/li>\n<li>Logo e link no site oficial<\/li>\n<li>Logo nos banners do evento<\/li>\n<li>Post com an\u00fancio oficial de seu patroc\u00ednio no blog, Twitter e Facebook do evento<\/li>\n<li>Agradecimento no encerramento do evento<\/li>\n<\/ul>\n<h4>Praia de Iracema\u2013 R$ 150,00<\/h4>\n<ul>\n<li><a href=\"https:\/\/fortaleza.wordcamp.org\/2016\/ingressos\/\">Patroc\u00ednio para pessoa f\u00edsica<\/a>.<\/li>\n<li>01 ingresso para o WordCamp Fortaleza<\/li>\n<li>1 abra\u00e7o de cada um dos organizadores;<\/li>\n<li>1 brinde exclusivo do evento;<\/li>\n<\/ul>\n<h3>ESTA INTERESSADO EM NOS APOIAR? ENTRE EM CONTATO AGORA! OBRIGADO.<\/h3>\n<div data-test='contact-form'\n\t\t\tid='contact-form-155'\n\t\t\tclass='jetpack-contact-form-container '\n\t\t\tdata-wp-interactive='jetpack\/form' data-wp-context='{\"formId\":\"155\",\"formHash\":\"16f30a39d090c4b25177890e264f9e6347ce69e8\",\"showErrors\":false,\"errors\":[],\"fields\":[],\"isMultiStep\":false,\"useAjax\":true,\"submissionData\":null,\"formattedSubmissionData\":[],\"submissionSuccess\":false,\"submissionError\":null,\"elementId\":\"jp-form-16f30a39d090c4b25177890e264f9e6347ce69e8\",\"isSingleInputForm\":false,\"isForcedHorizontal\":false}'\n\t\t\tdata-wp-watch--scroll-to-wrapper=\"callbacks.scrollToWrapper\"\n\t\t>\n<div class=\"contact-form-submission contact-form-ajax-submission\" data-wp-bind--aria-hidden=\"state.isSuccessMessageAriaHidden\" data-wp-class--submission-success=\"context.submissionSuccess\" id=\"contact-form-success-16f30a39d090c4b25177890e264f9e6347ce69e8\" tabindex=\"-1\" aria-labelledby=\"contact-form-success-header-16f30a39d090c4b25177890e264f9e6347ce69e8\"><p class=\"go-back-message\"><a class=\"link\" role=\"button\" tabindex=\"0\" data-wp-on--click=\"actions.goBack\" href=\"\/2016\/wp-json\/wp\/v2\/pages\/155\">\u2190 Back<\/a><\/p><h4 data-wp-bind--aria-hidden=\"state.isSuccessMessageAriaHidden\" id=\"contact-form-success-header-16f30a39d090c4b25177890e264f9e6347ce69e8\">Sua mensagem foi enviada<\/h4>\n\n<template data-wp-each--submission=\"context.formattedSubmissionData\">\n\t\t\t\t\t<div class=\"jetpack_forms_contact-form-success-summary\">\n\t\t\t\t\t\t<div class=\"field-name-wrapper\">\n\t\t\t\t\t\t\t<div class=\"field-type-icon\" data-wp-watch=\"callbacks.watchFieldTypeIcon\"><\/div>\n\t\t\t\t\t\t\t<div class=\"field-name\" data-wp-text=\"context.submission.label\" data-wp-bind--hidden=\"!context.submission.label\"><\/div>\n\t\t\t\t\t\t<\/div>\n\t\t\t\t\t\t<div class=\"field-value\" data-wp-text=\"context.submission.value\" data-wp-bind--hidden=\"!context.submission.showPlainValue\"><\/div>\n\t\t\t\t\t\t<a class=\"field-url\" data-wp-bind--href=\"context.submission.url\" data-wp-text=\"context.submission.value\" data-wp-bind--hidden=\"!context.submission.url\" target=\"_blank\" rel=\"noopener noreferrer\"><\/a>\n\t\t\t\t\t\t<div class=\"field-rating\" data-wp-bind--hidden=\"!context.submission.rating\" data-wp-watch=\"callbacks.watchRatingIcons\"><\/div>\n\t\t\t\t\t\t<div class=\"field-images\" data-wp-bind--hidden=\"!context.submission.images\">\n\t\t\t\t\t\t\t<template data-wp-each--image=\"context.submission.images\">\n\t\t\t\t\t\t\t\t<div class=\"field-image-option\" data-wp-class--is-empty=\"!context.image.src\">\n\t\t\t\t\t\t\t\t\t<figure class=\"field-image-option__image\" data-wp-class--is-empty=\"!context.image.src\">\n\t\t\t\t\t\t\t\t\t\t<img data-wp-bind--src=\"context.image.src\" data-wp-bind--hidden=\"!context.image.src\" \/>\n\t\t\t\t\t\t\t\t\t\t<img decoding=\"async\" src=\"data:image\/gif;base64,R0lGODlhAQABAAD\/ACwAAAAAAQABAAACADs=\" data-wp-bind--hidden=\"context.image.src\" \/>\n\t\t\t\t\t\t\t\t\t<\/figure>\n\t\t\t\t\t\t\t\t\t<div class=\"field-image-option__label-wrapper\">\n\t\t\t\t\t\t\t\t\t\t<span class=\"field-image-option__label-code\" data-wp-text=\"context.image.letterCode\"><\/span>\n\t\t\t\t\t\t\t\t\t\t<span class=\"field-image-option__label\" data-wp-text=\"context.image.label\" data-wp-bind--hidden=\"!context.image.label\"><\/span>\n\t\t\t\t\t\t\t\t\t<\/div>\n\t\t\t\t\t\t\t\t<\/div>\n\t\t\t\t\t\t\t<\/template>\n\t\t\t\t\t\t<\/div>\n\t\t\t\t\t\t<div class=\"field-files\" data-wp-bind--hidden=\"!context.submission.files\">\n\t\t\t\t\t\t\t<template data-wp-each--file=\"context.submission.files\">\n\t\t\t\t\t\t\t\t<div class=\"field-file\">\n\t\t\t\t\t\t\t\t\t<div class=\"field-file__thumbnail\" data-wp-style--background-image=\"context.file.previewUrl\" data-wp-style--mask-image=\"context.file.iconUrl\" data-wp-bind--hidden=\"!context.file.hasPreview\"><\/div>\n\t\t\t\t\t\t\t\t\t<svg class=\"field-file__icon\" data-wp-bind--hidden=\"context.file.hasPreview\" width=\"20\" height=\"20\" viewBox=\"0 0 24 24\" fill=\"none\" xmlns=\"http:\/\/www.w3.org\/2000\/svg\" aria-hidden=\"true\">\n\t\t\t\t\t\t\t\t\t\t<path d=\"M14 2H6C4.9 2 4 2.9 4 4V20C4 21.1 4.89 22 5.99 22H18C19.1 22 20 21.1 20 20V8L14 2ZM18 20H6V4H13V9H18V20Z\" fill=\"currentColor\"\/>\n\t\t\t\t\t\t\t\t\t<\/svg>\n\t\t\t\t\t\t\t\t\t<span class=\"field-file__name\" data-wp-text=\"context.file.name\"><\/span>\n\t\t\t\t\t\t\t\t\t<span class=\"field-file__size\" data-wp-text=\"context.file.size\"><\/span>\n\t\t\t\t\t\t\t\t<\/div>\n\t\t\t\t\t\t\t<\/template>\n\t\t\t\t\t\t<\/div>\n\t\t\t\t\t<\/div>\n\t\t\t\t<\/template><\/div><form action='https:\/\/fortaleza.wordcamp.org\/2016\/patrocinadores\/patrocine-o-wordcamp-fortaleza\/'\n\t\t\t\tid='jp-form-16f30a39d090c4b25177890e264f9e6347ce69e8'\n\t\t\t\tmethod='post'\n\t\t\t\tclass='contact-form commentsblock jetpack-contact-form__form has-no-jetpack-form-layout' aria-label=\"Patrocine o WordCamp Fortaleza\"\n\t\t\t\tdata-wp-on--submit=\"actions.onFormSubmit\"\n\t\t\t\tdata-wp-on--reset=\"actions.onFormReset\"\n\t\t\t\tdata-wp-class--submission-success=\"context.submissionSuccess\"\n\t\t\t\tdata-wp-class--is-first-step=\"state.isFirstStep\"\n\t\t\t\tdata-wp-class--is-last-step=\"state.isLastStep\"\n\t\t\t\tdata-wp-class--is-ajax-form=\"context.useAjax\"\n\t\t\t\tnovalidate >\n<input type='hidden' name='jetpack_contact_form_jwt' value='eyJ0eXAiOiJKV1QiLCJhbGciOiJIUzI1NiJ9.eyJlbmNyeXB0ZWRfYXR0cmlidXRlcyI6IldMYzlrNjlLaFE5U0lidTdyaTlub3pKOTFRUjF6RTZDUDNCek9uVnRSWm9ZVUk4T2JFbk11blBEbTc4WTVVYlFKeTAvblhCQzdyZkVuRHpVMnk2RExLaHBXdytDNW5wdnpkUmJ5NGd3TytBbUJja2xvbHhJdG90OFI5Z1hid1BMTTc1N21kMVZ2WVRUZjNKRUwwMmF3SElmeC9uQ2xYeWZkT1krekRwTE8ySm5lRmIwdjMzNHo4Y0RzcStER1d4VFFYRVpnRVhuVTVPT2J0RngyN2VtTVp1MGVucDBzTTdpK0tIUmtuSk5IMTh1TTNBYXZRVzhmZ1FqcVBaQUZuQXRYUXNPelFrQjBJUEc3cjRUdTlEVFR0YlduSHdzelB3dkI2bnhzRGFhVmZxSy9waDNuR0haRVpjcmpzRUxtSnlyeXY2Yk9rdS9pRHd1akZkUVZweEF2UHpTQXdBY2xLSml6enYrR2VkVlBWVXdDdHh5OHRzUnAvemJIQVIzV1duTzNaMWdDSmxrRyttNTVvLzdjckhhMnR4RUN1WTZ0T1Z5WEM5TnBEZFhnbXg4WUNEVkRDNmJQRFFYZWhoL1p1aGoyTGdyb1BnWkJUZ3YvUlV5V3lTMTVML2pybVNIMXMrSnBFL0g4RmYrOHMvMHRuckNNVzFHdmZGY1RxTTBHa1RkbVhLbEFwQkxZcjRacjdhZ2RxQUZvZVl3NUNOcXJCWExCM0wrUHJYeXM5VGxDZURGc25IUCtZeWloUFhuSW5yTFRmcXBwaUZzaGo3cmw5S1F4V3ZMV2JXczE2U0xucG5vSFJNSFZiTUhINnpzRmtkOThScDgxbTJLT2YyN2VXRnhHc0RITnlqckp3VmczcGtyaFV0TkNxcEVJOUwvRHhzUXA1NHJ1a2g1MDBnWFRueWhCOGp3MDBJVFRTWEh4MnZOWmg1YTNqNTFDZjVuRDVCeFYwdTgyY1p4SXkzRGJiVWpvc21pY3M4aHl1b09mMkc5eVB6amRsR205bkloRUVNWE9Ecmd1MFA1NTgxemp6RjY4WFVoSDYxSDYzbGg5ZmlPRWhPUmZPaDRFR2tiZ2Q3RTVubEp5ajBWbWRkMGJnditVVW1sckIwYjNjYmw0bGpFekE4Q1J4eW5CekswdThZU0xYMFZYZ3FmakhtUXJXQ2U3MUNxWEVnQnBGODYzNm4zS0dLQkNqTlA4TUZUUGc9PSIsImNvbnRlbnQiOiJbY29udGFjdC1maWVsZCBsYWJlbD0nTm9tZScgdHlwZT0nbmFtZScgcmVxdWlyZWQ9JzEnL11bY29udGFjdC1maWVsZCBsYWJlbD0nRW1haWwnIHR5cGU9J2VtYWlsJyByZXF1aXJlZD0nMScvXVtjb250YWN0LWZpZWxkIGxhYmVsPSdTaXRlJyB0eXBlPSd1cmwnL11bY29udGFjdC1maWVsZCBsYWJlbD0nQ29tZW50XHUwMGUxcmlvJyB0eXBlPSd0ZXh0YXJlYScgcmVxdWlyZWQ9JzEnL10iLCJoYXNoIjoiMTZmMzBhMzlkMDkwYzRiMjUxNzc4OTBlMjY0ZjllNjM0N2NlNjllOCIsInNvdXJjZSI6eyJlbnRyeV90aXRsZSI6IlBhdHJvY2luZSBvIFdvcmRDYW1wIEZvcnRhbGV6YSIsImVudHJ5X3BhZ2UiOjEsInNvdXJjZV9pZCI6MTU1LCJzb3VyY2VfdHlwZSI6InNpbmdsZSIsInJlcXVlc3RfdXJsIjoiaHR0cHM6Ly9mb3J0YWxlemEud29yZGNhbXAub3JnLzIwMTYvd3AtanNvbi93cC92Mi9wYWdlcy8xNTUifSwidmVyc2lvbiI6MiwiY2lwaGVyIjoiYWVzLTI1Ni1nY20ifQ.wtiHT8qW6iHVvYQEB1PMKIimQVByYKcmzcACGwkW9ps' \/>\n\n<div style=\"\"  data-wp-interactive=\"jetpack\/form\" data-wp-context='{\"fieldId\":\"g155-nome\",\"fieldType\":\"name\",\"fieldLabel\":\"Nome\",\"fieldValue\":\"\",\"fieldPlaceholder\":\"\",\"fieldIsRequired\":\"1\",\"fieldErrorMessage\":\"\",\"fieldExtra\":[],\"formHash\":\"16f30a39d090c4b25177890e264f9e6347ce69e8\"}'  class='grunion-field-name-wrap grunion-field-wrap'  data-wp-init='callbacks.initializeField' data-wp-on--jetpack-form-reset='callbacks.initializeField' >\n<label\n\t\t\t\tfor='g155-nome' class=\"grunion-field-label name\" >Nome<span class=\"grunion-label-required\" aria-hidden=\"true\">(obrigat\u00f3rio)<\/span><\/label>\n<input\n\t\t\t\t\ttype='text'\n\t\t\t\t\tname='g155-nome'\n\t\t\t\t\tid='g155-nome'\n\t\t\t\t\tvalue=''\n\n\t\t\t\t\tdata-wp-bind--aria-invalid='state.fieldAriaInvalid'\n\t\t\t\t\tdata-wp-bind--value='state.getFieldValue'\n\t\t\t\t\taria-describedby='g155-nome-text-error-message'\n\t\t\t\t\tdata-wp-on--input='actions.onFieldChange'\n\t\t\t\t\tdata-wp-on--blur='actions.onFieldBlur'\n\t\t\t\t\tdata-wp-class--has-value='state.hasFieldValue'\n\n\t\t\t\t\tclass='name  grunion-field' \n\t\t\t\t\trequired='true' aria-required='true'  \/>\n \n\t\t\t<div id=\"g155-nome-text-error\" class=\"contact-form__input-error\" data-wp-class--has-errors=\"state.fieldHasErrors\">\n\t\t\t\t<span class=\"contact-form__warning-icon\" aria-hidden=\"true\">\n\t\t\t\t\t<svg width=\"16\" height=\"16\" viewBox=\"0 0 16 16\" fill=\"none\" xmlns=\"http:\/\/www.w3.org\/2000\/svg\">\n\t\t\t\t\t\t<path d=\"M8.50015 11.6402H7.50015V10.6402H8.50015V11.6402Z\" \/>\n\t\t\t\t\t\t<path d=\"M7.50015 9.64018H8.50015V6.30684H7.50015V9.64018Z\" \/>\n\t\t\t\t\t\t<path fill-rule=\"evenodd\" clip-rule=\"evenodd\" d=\"M6.98331 3.0947C7.42933 2.30177 8.57096 2.30177 9.01698 3.09469L13.8771 11.7349C14.3145 12.5126 13.7525 13.4735 12.8602 13.4735H3.14004C2.24774 13.4735 1.68575 12.5126 2.12321 11.7349L6.98331 3.0947ZM8.14541 3.58496C8.08169 3.47168 7.9186 3.47168 7.85488 3.58496L2.99478 12.2251C2.93229 12.3362 3.01257 12.4735 3.14004 12.4735H12.8602C12.9877 12.4735 13.068 12.3362 13.0055 12.2251L8.14541 3.58496Z\" \/>\n\t\t\t\t\t<\/svg>\n\t\t\t\t<\/span>\n\t\t\t\t<span data-wp-text=\"state.errorMessage\" id=\"g155-nome-text-error-message\"><\/span>\n\t\t\t<\/div> \n\t<\/div>\n\n<div style=\"\"  data-wp-interactive=\"jetpack\/form\" data-wp-context='{\"fieldId\":\"g155-email\",\"fieldType\":\"email\",\"fieldLabel\":\"Email\",\"fieldValue\":\"\",\"fieldPlaceholder\":\"\",\"fieldIsRequired\":\"1\",\"fieldErrorMessage\":\"\",\"fieldExtra\":[],\"formHash\":\"16f30a39d090c4b25177890e264f9e6347ce69e8\"}'  class='grunion-field-email-wrap grunion-field-wrap'  data-wp-init='callbacks.initializeField' data-wp-on--jetpack-form-reset='callbacks.initializeField' >\n<label\n\t\t\t\tfor='g155-email' class=\"grunion-field-label email\" >Email<span class=\"grunion-label-required\" aria-hidden=\"true\">(obrigat\u00f3rio)<\/span><\/label>\n<input\n\t\t\t\t\ttype='email'\n\t\t\t\t\tname='g155-email'\n\t\t\t\t\tid='g155-email'\n\t\t\t\t\tvalue=''\n\n\t\t\t\t\tdata-wp-bind--aria-invalid='state.fieldAriaInvalid'\n\t\t\t\t\tdata-wp-bind--value='state.getFieldValue'\n\t\t\t\t\taria-describedby='g155-email-email-error-message'\n\t\t\t\t\tdata-wp-on--input='actions.onFieldChange'\n\t\t\t\t\tdata-wp-on--blur='actions.onFieldBlur'\n\t\t\t\t\tdata-wp-class--has-value='state.hasFieldValue'\n\n\t\t\t\t\tclass='email  grunion-field' \n\t\t\t\t\trequired='true' aria-required='true'  \/>\n \n\t\t\t<div id=\"g155-email-email-error\" class=\"contact-form__input-error\" data-wp-class--has-errors=\"state.fieldHasErrors\">\n\t\t\t\t<span class=\"contact-form__warning-icon\" aria-hidden=\"true\">\n\t\t\t\t\t<svg width=\"16\" height=\"16\" viewBox=\"0 0 16 16\" fill=\"none\" xmlns=\"http:\/\/www.w3.org\/2000\/svg\">\n\t\t\t\t\t\t<path d=\"M8.50015 11.6402H7.50015V10.6402H8.50015V11.6402Z\" \/>\n\t\t\t\t\t\t<path d=\"M7.50015 9.64018H8.50015V6.30684H7.50015V9.64018Z\" \/>\n\t\t\t\t\t\t<path fill-rule=\"evenodd\" clip-rule=\"evenodd\" d=\"M6.98331 3.0947C7.42933 2.30177 8.57096 2.30177 9.01698 3.09469L13.8771 11.7349C14.3145 12.5126 13.7525 13.4735 12.8602 13.4735H3.14004C2.24774 13.4735 1.68575 12.5126 2.12321 11.7349L6.98331 3.0947ZM8.14541 3.58496C8.08169 3.47168 7.9186 3.47168 7.85488 3.58496L2.99478 12.2251C2.93229 12.3362 3.01257 12.4735 3.14004 12.4735H12.8602C12.9877 12.4735 13.068 12.3362 13.0055 12.2251L8.14541 3.58496Z\" \/>\n\t\t\t\t\t<\/svg>\n\t\t\t\t<\/span>\n\t\t\t\t<span data-wp-text=\"state.errorMessage\" id=\"g155-email-email-error-message\"><\/span>\n\t\t\t<\/div> \n\t<\/div>\n\n<div style=\"\"  data-wp-interactive=\"jetpack\/form\" data-wp-context='{\"fieldId\":\"g155-site\",\"fieldType\":\"url\",\"fieldLabel\":\"Site\",\"fieldValue\":\"\",\"fieldPlaceholder\":\"\",\"fieldIsRequired\":\"\",\"fieldErrorMessage\":\"\",\"fieldExtra\":[],\"formHash\":\"16f30a39d090c4b25177890e264f9e6347ce69e8\"}'  class='grunion-field-url-wrap grunion-field-wrap'  data-wp-init='callbacks.initializeField' data-wp-on--jetpack-form-reset='callbacks.initializeField' >\n<label\n\t\t\t\tfor='g155-site' class=\"grunion-field-label url\" >Site<\/label>\n<input\n\t\t\t\t\ttype='text'\n\t\t\t\t\tname='g155-site'\n\t\t\t\t\tid='g155-site'\n\t\t\t\t\tvalue=''\n\n\t\t\t\t\tdata-wp-bind--aria-invalid='state.fieldAriaInvalid'\n\t\t\t\t\tdata-wp-bind--value='state.getFieldValue'\n\t\t\t\t\taria-describedby='g155-site-text-error-message'\n\t\t\t\t\tdata-wp-on--input='actions.onFieldChange'\n\t\t\t\t\tdata-wp-on--blur='actions.onFieldBlur'\n\t\t\t\t\tdata-wp-class--has-value='state.hasFieldValue'\n\n\t\t\t\t\tclass='url  grunion-field' \n\t\t\t\t\t \/>\n \n\t\t\t<div id=\"g155-site-text-error\" class=\"contact-form__input-error\" data-wp-class--has-errors=\"state.fieldHasErrors\">\n\t\t\t\t<span class=\"contact-form__warning-icon\" aria-hidden=\"true\">\n\t\t\t\t\t<svg width=\"16\" height=\"16\" viewBox=\"0 0 16 16\" fill=\"none\" xmlns=\"http:\/\/www.w3.org\/2000\/svg\">\n\t\t\t\t\t\t<path d=\"M8.50015 11.6402H7.50015V10.6402H8.50015V11.6402Z\" \/>\n\t\t\t\t\t\t<path d=\"M7.50015 9.64018H8.50015V6.30684H7.50015V9.64018Z\" \/>\n\t\t\t\t\t\t<path fill-rule=\"evenodd\" clip-rule=\"evenodd\" d=\"M6.98331 3.0947C7.42933 2.30177 8.57096 2.30177 9.01698 3.09469L13.8771 11.7349C14.3145 12.5126 13.7525 13.4735 12.8602 13.4735H3.14004C2.24774 13.4735 1.68575 12.5126 2.12321 11.7349L6.98331 3.0947ZM8.14541 3.58496C8.08169 3.47168 7.9186 3.47168 7.85488 3.58496L2.99478 12.2251C2.93229 12.3362 3.01257 12.4735 3.14004 12.4735H12.8602C12.9877 12.4735 13.068 12.3362 13.0055 12.2251L8.14541 3.58496Z\" \/>\n\t\t\t\t\t<\/svg>\n\t\t\t\t<\/span>\n\t\t\t\t<span data-wp-text=\"state.errorMessage\" id=\"g155-site-text-error-message\"><\/span>\n\t\t\t<\/div> \n\t<\/div>\n\n<div style=\"\"  data-wp-interactive=\"jetpack\/form\" data-wp-context='{\"fieldId\":\"g155-comentrio\",\"fieldType\":\"textarea\",\"fieldLabel\":\"Coment\\u00e1rio\",\"fieldValue\":\"\",\"fieldPlaceholder\":\"\",\"fieldIsRequired\":\"1\",\"fieldErrorMessage\":\"\",\"fieldExtra\":[],\"formHash\":\"16f30a39d090c4b25177890e264f9e6347ce69e8\"}'  class='grunion-field-textarea-wrap grunion-field-wrap'  data-wp-init='callbacks.initializeField' data-wp-on--jetpack-form-reset='callbacks.initializeField' >\n<label\n\t\t\t\tfor='contact-form-comment-g155-comentrio' class=\"grunion-field-label textarea\" >Coment\u00e1rio<span class=\"grunion-label-required\" aria-hidden=\"true\">(obrigat\u00f3rio)<\/span><\/label>\n<textarea\n\t\t                style=''\n\t\t                name='g155-comentrio'\n\t\t                id='contact-form-comment-g155-comentrio'\n\t\t                rows='20'\n\t\t\t\t\t\tdata-wp-text='state.getFieldValue'\n\t\t\t\t\t\tdata-wp-on--input='actions.onFieldChange'\n\t\t\t\t\t\tdata-wp-on--blur='actions.onFieldBlur'\n\t\t\t\t\t\tdata-wp-class--has-value='state.hasFieldValue'\n\t\t\t\t\t\taria-describedby='g155-comentrio-textarea-error-message'\n\t\t\t\t\t\tdata-wp-bind--aria-invalid='state.fieldAriaInvalid'\n\t\t\t\t\t\tclass='textarea  grunion-field'  required aria-required='true'><\/textarea>\n \n\t\t\t<div id=\"g155-comentrio-textarea-error\" class=\"contact-form__input-error\" data-wp-class--has-errors=\"state.fieldHasErrors\">\n\t\t\t\t<span class=\"contact-form__warning-icon\" aria-hidden=\"true\">\n\t\t\t\t\t<svg width=\"16\" height=\"16\" viewBox=\"0 0 16 16\" fill=\"none\" xmlns=\"http:\/\/www.w3.org\/2000\/svg\">\n\t\t\t\t\t\t<path d=\"M8.50015 11.6402H7.50015V10.6402H8.50015V11.6402Z\" \/>\n\t\t\t\t\t\t<path d=\"M7.50015 9.64018H8.50015V6.30684H7.50015V9.64018Z\" \/>\n\t\t\t\t\t\t<path fill-rule=\"evenodd\" clip-rule=\"evenodd\" d=\"M6.98331 3.0947C7.42933 2.30177 8.57096 2.30177 9.01698 3.09469L13.8771 11.7349C14.3145 12.5126 13.7525 13.4735 12.8602 13.4735H3.14004C2.24774 13.4735 1.68575 12.5126 2.12321 11.7349L6.98331 3.0947ZM8.14541 3.58496C8.08169 3.47168 7.9186 3.47168 7.85488 3.58496L2.99478 12.2251C2.93229 12.3362 3.01257 12.4735 3.14004 12.4735H12.8602C12.9877 12.4735 13.068 12.3362 13.0055 12.2251L8.14541 3.58496Z\" \/>\n\t\t\t\t\t<\/svg>\n\t\t\t\t<\/span>\n\t\t\t\t<span data-wp-text=\"state.errorMessage\" id=\"g155-comentrio-textarea-error-message\"><\/span>\n\t\t\t<\/div>\n\t<\/div>\n\t<p class='contact-submit'>\n<div class=\"contact-form__error\" data-wp-class--show-errors=\"state.showFormErrors\"><span class=\"contact-form__warning-icon\" aria-hidden=\"true\"><i><\/i><\/span><span class=\"contact-form__error-message\" tabindex=\"-1\" data-wp-watch=\"callbacks.focusOnValidationError\" data-wp-text=\"state.getFormErrorMessage\"><\/span><ul aria-label=\"Form errors\">\n\t\t\t\t<template data-wp-each=\"state.getErrorList\" data-wp-key=\"context.item.id\">\n\t\t\t\t\t<li><a data-wp-bind--href=\"context.item.anchor\" data-wp-on--click=\"actions.scrollIntoView\" data-wp-text=\"context.item.label\"><\/a><\/li>\n\t\t\t\t<\/template>\n\t\t\t\t<\/ul><\/div><div class=\"contact-form__error\" data-wp-class--show-errors=\"state.showSubmissionError\" data-wp-text=\"context.submissionError\" tabindex=\"-1\" data-wp-watch=\"callbacks.focusOnSubmissionError\"><\/div>\t\t<button type='submit' class='pushbutton-wide'>Enviar<\/button>\t\t<input type='hidden' name='contact-form-id' value='155' \/>\n\t\t<input type='hidden' name='action' value='grunion-contact-form' \/>\n\t\t<input type='hidden' name='contact-form-hash' value='16f30a39d090c4b25177890e264f9e6347ce69e8' \/>\n\t<\/p>\n<p style=\"display: none !important;\" class=\"akismet-fields-container\" data-prefix=\"ak_\"><label>&#916;<textarea name=\"ak_hp_textarea\" cols=\"45\" rows=\"8\" maxlength=\"100\"><\/textarea><\/label><input type=\"hidden\" id=\"ak_js_1\" name=\"ak_js\" value=\"27\"\/><script type=\"text\/javascript\">\n\/* <![CDATA[ *\/\ndocument.getElementById( \"ak_js_1\" ).setAttribute( \"value\", ( new Date() ).getTime() );\n\/* ]]> *\/\n<\/script>\n<\/p><\/form>\n<\/div>\n","protected":false},"excerpt":{"rendered":"<p>Por que patrocinar o WordCamp Fortaleza? Ser\u00e1 uma oportunidade \u00fanica para divulgar sua empresa diante da enorme comunidade WordPress de Fortaleza e do Brasil (WordPress domina 25% da Internet), \u00a0associar sua marca com grandes empresas que j\u00e1 nos apoiam. Fazer &hellip; <a href=\"https:\/\/fortaleza.wordcamp.org\/2016\/patrocinadores\/patrocine-o-wordcamp-fortaleza\/\">Continue lendo <span class=\"assistive-text\">Patrocine o WordCamp Fortaleza<\/span>  <span class=\"meta-nav\">&rarr;<\/span><\/a><\/p>\n","protected":false},"author":10023711,"featured_media":0,"parent":10,"menu_order":0,"comment_status":"closed","ping_status":"closed","template":"","meta":{"_crdt_document":"","jetpack_post_was_ever_published":false,"footnotes":""},"class_list":["post-155","page","type-page","status-publish","hentry"],"jetpack_sharing_enabled":true,"jetpack_shortlink":"https:\/\/wp.me\/P7nbJR-2v","jetpack_likes_enabled":true,"_links":{"self":[{"href":"https:\/\/fortaleza.wordcamp.org\/2016\/wp-json\/wp\/v2\/pages\/155","targetHints":{"allow":["GET"]}}],"collection":[{"href":"https:\/\/fortaleza.wordcamp.org\/2016\/wp-json\/wp\/v2\/pages"}],"about":[{"href":"https:\/\/fortaleza.wordcamp.org\/2016\/wp-json\/wp\/v2\/types\/page"}],"author":[{"embeddable":true,"href":"https:\/\/fortaleza.wordcamp.org\/2016\/wp-json\/wp\/v2\/users\/10023711"}],"replies":[{"embeddable":true,"href":"https:\/\/fortaleza.wordcamp.org\/2016\/wp-json\/wp\/v2\/comments?post=155"}],"version-history":[{"count":19,"href":"https:\/\/fortaleza.wordcamp.org\/2016\/wp-json\/wp\/v2\/pages\/155\/revisions"}],"predecessor-version":[{"id":433,"href":"https:\/\/fortaleza.wordcamp.org\/2016\/wp-json\/wp\/v2\/pages\/155\/revisions\/433"}],"up":[{"embeddable":true,"href":"https:\/\/fortaleza.wordcamp.org\/2016\/wp-json\/wp\/v2\/pages\/10"}],"wp:attachment":[{"href":"https:\/\/fortaleza.wordcamp.org\/2016\/wp-json\/wp\/v2\/media?parent=155"}],"curies":[{"name":"wp","href":"https:\/\/api.w.org\/{rel}","templated":true}]}}