{"id":546,"date":"2016-07-14T14:29:50","date_gmt":"2016-07-14T17:29:50","guid":{"rendered":"https:\/\/fortaleza.wordcamp.org\/2016\/?post_type=wcb_session&#038;p=546"},"modified":"2016-07-14T14:30:30","modified_gmt":"2016-07-14T17:30:30","slug":"desafios-de-construir-um-conteudo-social-com-wordpress","status":"publish","type":"wcb_session","link":"https:\/\/fortaleza.wordcamp.org\/2016\/session\/desafios-de-construir-um-conteudo-social-com-wordpress\/","title":{"rendered":"Desafios de construir um conte\u00fado social com WordPress"},"content":{"rendered":"<p>Os desafios de construir um conte\u00fado social com WordPress. A experi\u00eancia com o WordPress num portal de not\u00edcias, os erros e os acertos na maneira como jornalistas trabalham na rotina di\u00e1ria para a constru\u00e7\u00e3o da not\u00edcia na internet. Esta palestra tem como prop\u00f3sito compartilhar os aprendizados e as alternativas desenvolvidas pelo time de redatores, jornalistas e desenvolvedores na gest\u00e3o e distribui\u00e7\u00e3o de conte\u00fado para internet.<\/p>\n","protected":false},"excerpt":{"rendered":"<p>Os desafios de construir um conte\u00fado social com WordPress. A experi\u00eancia com o WordPress num portal de not\u00edcias, os erros e os acertos na maneira como jornalistas trabalham na rotina di\u00e1ria para a constru\u00e7\u00e3o da not\u00edcia na internet. Esta palestra &hellip; <a href=\"https:\/\/fortaleza.wordcamp.org\/2016\/session\/desafios-de-construir-um-conteudo-social-com-wordpress\/\">Continue lendo <span class=\"assistive-text\">Desafios de construir um conte\u00fado social com WordPress<\/span>  <span class=\"meta-nav\">&rarr;<\/span><\/a><\/p>\n","protected":false},"author":15046405,"featured_media":0,"template":"","meta":{"_crdt_document":"","jetpack_post_was_ever_published":false,"_wcpt_session_time":1471116600,"_wcpt_session_duration":3000,"_wcpt_session_type":"session","_wcpt_session_slides":"","_wcpt_session_video":"","_wcpt_speaker_id":[545],"footnotes":""},"session_track":[899953],"session_category":[],"class_list":["post-546","wcb_session","type-wcb_session","status-publish","hentry","wcb_track-dragao-do-mar"],"jetpack_sharing_enabled":true,"jetpack_shortlink":"https:\/\/wp.me\/p7nbJR-8O","jetpack_likes_enabled":true,"session_date_time":{"date":"agosto 13, 2016","time":"4:30 pm"},"session_speakers":[{"id":"545","slug":"emilio-moreno","name":"Em\u00edlio Moreno","link":"https:\/\/fortaleza.wordcamp.org\/2016\/speaker\/emilio-moreno\/"}],"session_cats_rendered":null,"_links":{"self":[{"href":"https:\/\/fortaleza.wordcamp.org\/2016\/wp-json\/wp\/v2\/sessions\/546","targetHints":{"allow":["GET"]}}],"collection":[{"href":"https:\/\/fortaleza.wordcamp.org\/2016\/wp-json\/wp\/v2\/sessions"}],"about":[{"href":"https:\/\/fortaleza.wordcamp.org\/2016\/wp-json\/wp\/v2\/types\/wcb_session"}],"version-history":[{"count":1,"href":"https:\/\/fortaleza.wordcamp.org\/2016\/wp-json\/wp\/v2\/sessions\/546\/revisions"}],"predecessor-version":[{"id":659,"href":"https:\/\/fortaleza.wordcamp.org\/2016\/wp-json\/wp\/v2\/sessions\/546\/revisions\/659"}],"speakers":[{"embeddable":true,"href":"https:\/\/fortaleza.wordcamp.org\/2016\/wp-json\/wp\/v2\/speakers\/545"}],"author":[{"embeddable":true,"href":"https:\/\/fortaleza.wordcamp.org\/2016\/wp-json\/wporg\/v1\/users\/emiliomsn"}],"wp:attachment":[{"href":"https:\/\/fortaleza.wordcamp.org\/2016\/wp-json\/wp\/v2\/media?parent=546"}],"wp:term":[{"taxonomy":"wcb_track","embeddable":true,"href":"https:\/\/fortaleza.wordcamp.org\/2016\/wp-json\/wp\/v2\/session_track?post=546"},{"taxonomy":"wcb_session_category","embeddable":true,"href":"https:\/\/fortaleza.wordcamp.org\/2016\/wp-json\/wp\/v2\/session_category?post=546"}],"curies":[{"name":"wp","href":"https:\/\/api.w.org\/{rel}","templated":true}]}}

Desafios de construir um conteúdo social com WordPress

<p>Os desafios de construir um conteúdo social com WordPress. A experiência com o WordPress num portal de notícias, os erros e os acertos na maneira como jornalistas trabalham na rotina diária para a construção da notícia na internet. Esta palestra tem como propósito compartilhar os aprendizados e as alternativas desenvolvidas pelo time de redatores, jornalistas e desenvolvedores na gestão e distribuição de conteúdo para internet.</p>

<p>Os desafios de construir um conteúdo social com WordPress. A experiência com o WordPress num portal de notícias, os erros e os acertos na maneira como jornalistas trabalham na rotina diária para a construção da notícia na internet. Esta palestra &hellip; <a href="https://fortaleza.wordcamp.org/2016/session/desafios-de-construir-um-conteudo-social-com-wordpress/">Continue lendo <span class="assistive-text">Desafios de construir um conteúdo social com WordPress</span>  <span class="meta-nav">&rarr;</span></a></p>

Emílio Moreno
