{"id":549,"date":"2016-07-14T15:15:27","date_gmt":"2016-07-14T18:15:27","guid":{"rendered":"https:\/\/fortaleza.wordcamp.org\/2016\/?post_type=wcb_session&#038;p=549"},"modified":"2016-07-14T15:15:27","modified_gmt":"2016-07-14T18:15:27","slug":"como-pensar-design-para-temas-100-originais","status":"publish","type":"wcb_session","link":"https:\/\/fortaleza.wordcamp.org\/2016\/session\/como-pensar-design-para-temas-100-originais\/","title":{"rendered":"Como pensar Design para Temas 100% originais"},"content":{"rendered":"<p>Uma palestra para mostrar como pensamos dentro do Design da Brasa os projetos a partir do zero. Do papel em branco.<\/p>\n<p>Como \u00e9 feita nossa pesquisa de linguagem art\u00edstica e de interface. Apresentando alguns cases dentro de nossa hist\u00f3ria como:<br \/>\n&#8211; http:\/\/artesol.org.br\/<br \/>\n&#8211; http:\/\/quintaessentia.com.br\/<br \/>\n&#8211; http:\/\/artunlimited.com.br\/<br \/>\n&#8211; http:\/\/polis.org.br\/<br \/>\n&#8211; http:\/\/nucleoaquimesmo.com<\/p>\n","protected":false},"excerpt":{"rendered":"<p>Uma palestra para mostrar como pensamos dentro do Design da Brasa os projetos a partir do zero. Do papel em branco. Como \u00e9 feita nossa pesquisa de linguagem art\u00edstica e de interface. Apresentando alguns cases dentro de nossa hist\u00f3ria como: &hellip; <a href=\"https:\/\/fortaleza.wordcamp.org\/2016\/session\/como-pensar-design-para-temas-100-originais\/\">Continue lendo <span class=\"assistive-text\">Como pensar Design para Temas 100% originais<\/span>  <span class=\"meta-nav\">&rarr;<\/span><\/a><\/p>\n","protected":false},"author":257122,"featured_media":0,"template":"","meta":{"_crdt_document":"","jetpack_post_was_ever_published":false,"_wcpt_session_time":1471194000,"_wcpt_session_duration":3000,"_wcpt_session_type":"session","_wcpt_session_slides":"","_wcpt_session_video":"","_wcpt_speaker_id":[548],"footnotes":""},"session_track":[899953],"session_category":[],"class_list":["post-549","wcb_session","type-wcb_session","status-publish","hentry","wcb_track-dragao-do-mar"],"jetpack_sharing_enabled":true,"jetpack_shortlink":"https:\/\/wp.me\/p7nbJR-8R","jetpack_likes_enabled":true,"session_date_time":{"date":"agosto 14, 2016","time":"2:00 pm"},"session_speakers":[{"id":"548","slug":"diego-rojas","name":"Diego Rojas","link":"https:\/\/fortaleza.wordcamp.org\/2016\/speaker\/diego-rojas\/"}],"session_cats_rendered":null,"_links":{"self":[{"href":"https:\/\/fortaleza.wordcamp.org\/2016\/wp-json\/wp\/v2\/sessions\/549","targetHints":{"allow":["GET"]}}],"collection":[{"href":"https:\/\/fortaleza.wordcamp.org\/2016\/wp-json\/wp\/v2\/sessions"}],"about":[{"href":"https:\/\/fortaleza.wordcamp.org\/2016\/wp-json\/wp\/v2\/types\/wcb_session"}],"version-history":[{"count":1,"href":"https:\/\/fortaleza.wordcamp.org\/2016\/wp-json\/wp\/v2\/sessions\/549\/revisions"}],"predecessor-version":[{"id":680,"href":"https:\/\/fortaleza.wordcamp.org\/2016\/wp-json\/wp\/v2\/sessions\/549\/revisions\/680"}],"speakers":[{"embeddable":true,"href":"https:\/\/fortaleza.wordcamp.org\/2016\/wp-json\/wp\/v2\/speakers\/548"}],"author":[{"embeddable":true,"href":"https:\/\/fortaleza.wordcamp.org\/2016\/wp-json\/wporg\/v1\/users\/diegorojas"}],"wp:attachment":[{"href":"https:\/\/fortaleza.wordcamp.org\/2016\/wp-json\/wp\/v2\/media?parent=549"}],"wp:term":[{"taxonomy":"wcb_track","embeddable":true,"href":"https:\/\/fortaleza.wordcamp.org\/2016\/wp-json\/wp\/v2\/session_track?post=549"},{"taxonomy":"wcb_session_category","embeddable":true,"href":"https:\/\/fortaleza.wordcamp.org\/2016\/wp-json\/wp\/v2\/session_category?post=549"}],"curies":[{"name":"wp","href":"https:\/\/api.w.org\/{rel}","templated":true}]}}

<p>Uma palestra para mostrar como pensamos dentro do Design da Brasa os projetos a partir do zero. Do papel em branco.</p>
<p>Como é feita nossa pesquisa de linguagem artística e de interface. Apresentando alguns cases dentro de nossa história como:<br />
&#8211; http://artesol.org.br/<br />
&#8211; http://quintaessentia.com.br/<br />
&#8211; http://artunlimited.com.br/<br />
&#8211; http://polis.org.br/<br />
&#8211; http://nucleoaquimesmo.com</p>

<p>Uma palestra para mostrar como pensamos dentro do Design da Brasa os projetos a partir do zero. Do papel em branco. Como é feita nossa pesquisa de linguagem artística e de interface. Apresentando alguns cases dentro de nossa história como: &hellip; <a href="https://fortaleza.wordcamp.org/2016/session/como-pensar-design-para-temas-100-originais/">Continue lendo <span class="assistive-text">Como pensar Design para Temas 100% originais</span>  <span class="meta-nav">&rarr;</span></a></p>
