{"id":573,"date":"2016-07-14T15:24:58","date_gmt":"2016-07-14T18:24:58","guid":{"rendered":"https:\/\/fortaleza.wordcamp.org\/2016\/?post_type=wcb_session&#038;p=573"},"modified":"2016-07-14T15:24:58","modified_gmt":"2016-07-14T18:24:58","slug":"wordpress-e-php-7","status":"publish","type":"wcb_session","link":"https:\/\/fortaleza.wordcamp.org\/2016\/session\/wordpress-e-php-7\/","title":{"rendered":"WordPress e PHP 7"},"content":{"rendered":"<p>Esse ano deu o que falar com o lan\u00e7amento do t\u00e3o aguardado PHP 7, e junto com ele vieram v\u00e1rios questionamentos a respeito da migra\u00e7\u00e3o das aplica\u00e7\u00f5es rodando com vers\u00f5es abaixo. Esse questionamento ainda \u00e9 maior quando falamos de um software robusto como o wordpress e que normalmente se utiliza v\u00e1rios plugins que dependem de vers\u00f5es extremamente est\u00e1veis do software e da linguagem.<\/p>\n<p>Veja o que h\u00e1 de novidades nessa nova vers\u00e3o do PHP, o que voc\u00ea pode encontrar de obst\u00e1culos na migra\u00e7\u00e3o da sua aplica\u00e7\u00e3o, quais extens\u00f5es foram removidas, incompatibilidades com vers\u00f5es anteriores etc e ainda vamos falar sobre as RFC&#8217;s do PHP 7.1!<\/p>\n","protected":false},"excerpt":{"rendered":"<p>Esse ano deu o que falar com o lan\u00e7amento do t\u00e3o aguardado PHP 7, e junto com ele vieram v\u00e1rios questionamentos a respeito da migra\u00e7\u00e3o das aplica\u00e7\u00f5es rodando com vers\u00f5es abaixo. Esse questionamento ainda \u00e9 maior quando falamos de um &hellip; <a href=\"https:\/\/fortaleza.wordcamp.org\/2016\/session\/wordpress-e-php-7\/\">Continue lendo <span class=\"assistive-text\">WordPress e PHP 7<\/span>  <span class=\"meta-nav\">&rarr;<\/span><\/a><\/p>\n","protected":false},"author":15047944,"featured_media":0,"template":"","meta":{"_crdt_document":"","jetpack_post_was_ever_published":false,"_wcpt_session_time":1471110300,"_wcpt_session_duration":3000,"_wcpt_session_type":"session","_wcpt_session_slides":"","_wcpt_session_video":"","_wcpt_speaker_id":[572],"footnotes":""},"session_track":[900109],"session_category":[],"class_list":["post-573","wcb_session","type-wcb_session","status-publish","hentry","wcb_track-jose-de-alencar"],"jetpack_sharing_enabled":true,"jetpack_shortlink":"https:\/\/wp.me\/p7nbJR-9f","jetpack_likes_enabled":true,"session_date_time":{"date":"agosto 13, 2016","time":"2:45 pm"},"session_speakers":[{"id":"572","slug":"dorian-neto","name":"Dorian Neto","link":"https:\/\/fortaleza.wordcamp.org\/2016\/speaker\/dorian-neto\/"}],"session_cats_rendered":null,"_links":{"self":[{"href":"https:\/\/fortaleza.wordcamp.org\/2016\/wp-json\/wp\/v2\/sessions\/573","targetHints":{"allow":["GET"]}}],"collection":[{"href":"https:\/\/fortaleza.wordcamp.org\/2016\/wp-json\/wp\/v2\/sessions"}],"about":[{"href":"https:\/\/fortaleza.wordcamp.org\/2016\/wp-json\/wp\/v2\/types\/wcb_session"}],"version-history":[{"count":1,"href":"https:\/\/fortaleza.wordcamp.org\/2016\/wp-json\/wp\/v2\/sessions\/573\/revisions"}],"predecessor-version":[{"id":691,"href":"https:\/\/fortaleza.wordcamp.org\/2016\/wp-json\/wp\/v2\/sessions\/573\/revisions\/691"}],"speakers":[{"embeddable":true,"href":"https:\/\/fortaleza.wordcamp.org\/2016\/wp-json\/wp\/v2\/speakers\/572"}],"author":[{"embeddable":true,"href":"https:\/\/fortaleza.wordcamp.org\/2016\/wp-json\/wporg\/v1\/users\/dorianneto"}],"wp:attachment":[{"href":"https:\/\/fortaleza.wordcamp.org\/2016\/wp-json\/wp\/v2\/media?parent=573"}],"wp:term":[{"taxonomy":"wcb_track","embeddable":true,"href":"https:\/\/fortaleza.wordcamp.org\/2016\/wp-json\/wp\/v2\/session_track?post=573"},{"taxonomy":"wcb_session_category","embeddable":true,"href":"https:\/\/fortaleza.wordcamp.org\/2016\/wp-json\/wp\/v2\/session_category?post=573"}],"curies":[{"name":"wp","href":"https:\/\/api.w.org\/{rel}","templated":true}]}}

<p>Esse ano deu o que falar com o lançamento do tão aguardado PHP 7, e junto com ele vieram vários questionamentos a respeito da migração das aplicações rodando com versões abaixo. Esse questionamento ainda é maior quando falamos de um software robusto como o wordpress e que normalmente se utiliza vários plugins que dependem de versões extremamente estáveis do software e da linguagem.</p>
<p>Veja o que há de novidades nessa nova versão do PHP, o que você pode encontrar de obstáculos na migração da sua aplicação, quais extensões foram removidas, incompatibilidades com versões anteriores etc e ainda vamos falar sobre as RFC&#8217;s do PHP 7.1!</p>

<p>Esse ano deu o que falar com o lançamento do tão aguardado PHP 7, e junto com ele vieram vários questionamentos a respeito da migração das aplicações rodando com versões abaixo. Esse questionamento ainda é maior quando falamos de um &hellip; <a href="https://fortaleza.wordcamp.org/2016/session/wordpress-e-php-7/">Continue lendo <span class="assistive-text">WordPress e PHP 7</span>  <span class="meta-nav">&rarr;</span></a></p>
