{"id":621,"date":"2016-07-14T14:08:50","date_gmt":"2016-07-14T17:08:50","guid":{"rendered":"https:\/\/fortaleza.wordcamp.org\/2016\/?post_type=wcb_session&#038;p=621"},"modified":"2016-07-18T16:23:48","modified_gmt":"2016-07-18T19:23:48","slug":"120-blogs-desafios-e-estrategias-do-o-povo-com-wordpress","status":"publish","type":"wcb_session","link":"https:\/\/fortaleza.wordcamp.org\/2016\/session\/120-blogs-desafios-e-estrategias-do-o-povo-com-wordpress\/","title":{"rendered":"120 Blogs: desafios e estrat\u00e9gias do O  POVO com WordPress"},"content":{"rendered":"<p>Essa palestra\/pain\u00e9l ser\u00e1 ministrada por Nat\u00e9rcia (Coordenadora de Midias Sociais do O POVO), Maria Fernandes ( Gerente de projetos digitais do O POVO) e Arenusa Goulart ( Diretora de Estrat\u00e9gias Digitais do O POVO)<\/p>\n<p>A palestra vai abordar sobre o cen\u00e1rio de blogs nos dias de hoje.<\/p>\n<p>&#8211; Blog morreu?<br \/>\n&#8211; Qual a import\u00e2ncia de ter um blog;<br \/>\n&#8211; Qual a import\u00e2ncia do O POVO ter parcerias com blogs;<br \/>\n&#8211; Como \u00e9 a parceria do blogueiro com o O POVO ;<br \/>\n&#8211; Como \u00e9 feito o processo de parcerias;<br \/>\n&#8211; Blog tem retorno comercial?<\/p>\n","protected":false},"excerpt":{"rendered":"<p>Essa palestra\/pain\u00e9l ser\u00e1 ministrada por Nat\u00e9rcia (Coordenadora de Midias Sociais do O POVO), Maria Fernandes ( Gerente de projetos digitais do O POVO) e Arenusa Goulart ( Diretora de Estrat\u00e9gias Digitais do O POVO) A palestra vai abordar sobre o &hellip; <a href=\"https:\/\/fortaleza.wordcamp.org\/2016\/session\/120-blogs-desafios-e-estrategias-do-o-povo-com-wordpress\/\">Continue lendo <span class=\"assistive-text\">120 Blogs: desafios e estrat\u00e9gias do O  POVO com WordPress<\/span>  <span class=\"meta-nav\">&rarr;<\/span><\/a><\/p>\n","protected":false},"author":15049337,"featured_media":0,"template":"","meta":{"_crdt_document":"","jetpack_post_was_ever_published":false,"_wcpt_session_time":1471093200,"_wcpt_session_duration":3000,"_wcpt_session_type":"session","_wcpt_session_slides":"","_wcpt_session_video":"","_wcpt_speaker_id":[620,744,746],"footnotes":""},"session_track":[899953],"session_category":[],"class_list":["post-621","wcb_session","type-wcb_session","status-publish","hentry","wcb_track-dragao-do-mar"],"jetpack_sharing_enabled":true,"jetpack_shortlink":"https:\/\/wp.me\/p7nbJR-a1","jetpack_likes_enabled":true,"session_date_time":{"date":"agosto 13, 2016","time":"10:00 am"},"session_speakers":[{"id":"620","slug":"natercia-melo","name":"Natercia Melo","link":"https:\/\/fortaleza.wordcamp.org\/2016\/speaker\/natercia-melo\/"},{"id":"744","slug":"arenusa-goulart","name":"Arenusa Goulart","link":"https:\/\/fortaleza.wordcamp.org\/2016\/speaker\/arenusa-goulart\/"},{"id":"746","slug":"maria-fernandes","name":"Maria Fernandes","link":"https:\/\/fortaleza.wordcamp.org\/2016\/speaker\/maria-fernandes\/"}],"session_cats_rendered":null,"_links":{"self":[{"href":"https:\/\/fortaleza.wordcamp.org\/2016\/wp-json\/wp\/v2\/sessions\/621","targetHints":{"allow":["GET"]}}],"collection":[{"href":"https:\/\/fortaleza.wordcamp.org\/2016\/wp-json\/wp\/v2\/sessions"}],"about":[{"href":"https:\/\/fortaleza.wordcamp.org\/2016\/wp-json\/wp\/v2\/types\/wcb_session"}],"version-history":[{"count":3,"href":"https:\/\/fortaleza.wordcamp.org\/2016\/wp-json\/wp\/v2\/sessions\/621\/revisions"}],"predecessor-version":[{"id":857,"href":"https:\/\/fortaleza.wordcamp.org\/2016\/wp-json\/wp\/v2\/sessions\/621\/revisions\/857"}],"speakers":[{"embeddable":true,"href":"https:\/\/fortaleza.wordcamp.org\/2016\/wp-json\/wp\/v2\/speakers\/620"},{"embeddable":true,"href":"https:\/\/fortaleza.wordcamp.org\/2016\/wp-json\/wp\/v2\/speakers\/744"},{"embeddable":true,"href":"https:\/\/fortaleza.wordcamp.org\/2016\/wp-json\/wp\/v2\/speakers\/746"}],"author":[{"embeddable":true,"href":"https:\/\/fortaleza.wordcamp.org\/2016\/wp-json\/wporg\/v1\/users\/naterciamelo"}],"wp:attachment":[{"href":"https:\/\/fortaleza.wordcamp.org\/2016\/wp-json\/wp\/v2\/media?parent=621"}],"wp:term":[{"taxonomy":"wcb_track","embeddable":true,"href":"https:\/\/fortaleza.wordcamp.org\/2016\/wp-json\/wp\/v2\/session_track?post=621"},{"taxonomy":"wcb_session_category","embeddable":true,"href":"https:\/\/fortaleza.wordcamp.org\/2016\/wp-json\/wp\/v2\/session_category?post=621"}],"curies":[{"name":"wp","href":"https:\/\/api.w.org\/{rel}","templated":true}]}}

120 Blogs: desafios e estratégias do O  POVO com WordPress

<p>Essa palestra/painél será ministrada por Natércia (Coordenadora de Midias Sociais do O POVO), Maria Fernandes ( Gerente de projetos digitais do O POVO) e Arenusa Goulart ( Diretora de Estratégias Digitais do O POVO)</p>
<p>A palestra vai abordar sobre o cenário de blogs nos dias de hoje.</p>
<p>&#8211; Blog morreu?<br />
&#8211; Qual a importância de ter um blog;<br />
&#8211; Qual a importância do O POVO ter parcerias com blogs;<br />
&#8211; Como é a parceria do blogueiro com o O POVO ;<br />
&#8211; Como é feito o processo de parcerias;<br />
&#8211; Blog tem retorno comercial?</p>

<p>Essa palestra/painél será ministrada por Natércia (Coordenadora de Midias Sociais do O POVO), Maria Fernandes ( Gerente de projetos digitais do O POVO) e Arenusa Goulart ( Diretora de Estratégias Digitais do O POVO) A palestra vai abordar sobre o &hellip; <a href="https://fortaleza.wordcamp.org/2016/session/120-blogs-desafios-e-estrategias-do-o-povo-com-wordpress/">Continue lendo <span class="assistive-text">120 Blogs: desafios e estratégias do O  POVO com WordPress</span>  <span class="meta-nav">&rarr;</span></a></p>
