{"id":545,"date":"2016-07-14T15:52:28","date_gmt":"2016-07-14T18:52:28","guid":{"rendered":"https:\/\/fortaleza.wordcamp.org\/2016\/?post_type=wcb_speaker&#038;p=545"},"modified":"2016-07-14T15:52:37","modified_gmt":"2016-07-14T18:52:37","slug":"emilio-moreno","status":"publish","type":"wcb_speaker","link":"https:\/\/fortaleza.wordcamp.org\/2016\/speaker\/emilio-moreno\/","title":{"rendered":"Em\u00edlio Moreno"},"content":{"rendered":"<p>Graduado em Comunica\u00e7\u00e3o Social com habilita\u00e7\u00e3o em Jornalismo (2011) pelo Centro Acad\u00eamico Est\u00e1cio de S\u00e1 e Master of Business Administration (MBA) em Gest\u00e3o estrat\u00e9gica de Marcas (2014) pela Universidade de Fortaleza (Unifor). Trabalho como jornalista e coordeno a \u00e1rea de M\u00eddias Sociais do Sistema Jangadeiro de Comunica\u00e7\u00e3o. <\/p>\n","protected":false},"excerpt":{"rendered":"<p>Graduado em Comunica\u00e7\u00e3o Social com habilita\u00e7\u00e3o em Jornalismo (2011) pelo Centro Acad\u00eamico Est\u00e1cio de S\u00e1 e Master of Business Administration (MBA) em Gest\u00e3o estrat\u00e9gica de Marcas (2014) pela Universidade de Fortaleza (Unifor). Trabalho como jornalista e coordeno a \u00e1rea de &hellip; <a href=\"https:\/\/fortaleza.wordcamp.org\/2016\/speaker\/emilio-moreno\/\">Continue lendo <span class=\"assistive-text\">Em\u00edlio Moreno<\/span>  <span class=\"meta-nav\">&rarr;<\/span><\/a><\/p>\n","protected":false},"author":7694169,"featured_media":0,"comment_status":"open","ping_status":"closed","template":"","meta":{"_crdt_document":"","jetpack_post_was_ever_published":false,"_wcpt_user_name":"emiliomsn","footnotes":""},"speaker_group":[],"class_list":["post-545","wcb_speaker","type-wcb_speaker","status-publish","hentry"],"jetpack_sharing_enabled":true,"jetpack_shortlink":"https:\/\/wp.me\/p7nbJR-8N","jetpack_likes_enabled":true,"avatar_urls":{"24":"https:\/\/secure.gravatar.com\/avatar\/0a8443eca202f2d932c5305560c897962ebedc6e5b1b3fdc220843ce5cb2572f?s=24&d=mm&r=g","48":"https:\/\/secure.gravatar.com\/avatar\/0a8443eca202f2d932c5305560c897962ebedc6e5b1b3fdc220843ce5cb2572f?s=48&d=mm&r=g","96":"https:\/\/secure.gravatar.com\/avatar\/0a8443eca202f2d932c5305560c897962ebedc6e5b1b3fdc220843ce5cb2572f?s=96&d=mm&r=g","128":"https:\/\/secure.gravatar.com\/avatar\/0a8443eca202f2d932c5305560c897962ebedc6e5b1b3fdc220843ce5cb2572f?s=128&d=mm&r=g","256":"https:\/\/secure.gravatar.com\/avatar\/0a8443eca202f2d932c5305560c897962ebedc6e5b1b3fdc220843ce5cb2572f?s=256&d=mm&r=g","512":"https:\/\/secure.gravatar.com\/avatar\/0a8443eca202f2d932c5305560c897962ebedc6e5b1b3fdc220843ce5cb2572f?s=512&d=mm&r=g"},"_links":{"self":[{"href":"https:\/\/fortaleza.wordcamp.org\/2016\/wp-json\/wp\/v2\/speakers\/545","targetHints":{"allow":["GET"]}}],"collection":[{"href":"https:\/\/fortaleza.wordcamp.org\/2016\/wp-json\/wp\/v2\/speakers"}],"about":[{"href":"https:\/\/fortaleza.wordcamp.org\/2016\/wp-json\/wp\/v2\/types\/wcb_speaker"}],"replies":[{"embeddable":true,"href":"https:\/\/fortaleza.wordcamp.org\/2016\/wp-json\/wp\/v2\/comments?post=545"}],"version-history":[{"count":1,"href":"https:\/\/fortaleza.wordcamp.org\/2016\/wp-json\/wp\/v2\/speakers\/545\/revisions"}],"predecessor-version":[{"id":724,"href":"https:\/\/fortaleza.wordcamp.org\/2016\/wp-json\/wp\/v2\/speakers\/545\/revisions\/724"}],"sessions":[{"embeddable":true,"href":"https:\/\/fortaleza.wordcamp.org\/2016\/wp-json\/wp\/v2\/sessions\/546?_embed=1&context=view"}],"author":[{"embeddable":true,"href":"https:\/\/fortaleza.wordcamp.org\/2016\/wp-json\/wporg\/v1\/users\/wordcamp"}],"wp:attachment":[{"href":"https:\/\/fortaleza.wordcamp.org\/2016\/wp-json\/wp\/v2\/media?parent=545"}],"wp:term":[{"taxonomy":"wcb_speaker_group","embeddable":true,"href":"https:\/\/fortaleza.wordcamp.org\/2016\/wp-json\/wp\/v2\/speaker_group?post=545"}],"curies":[{"name":"wp","href":"https:\/\/api.w.org\/{rel}","templated":true}]}}

Emílio Moreno

<p>Graduado em Comunicação Social com habilitação em Jornalismo (2011) pelo Centro Acadêmico Estácio de Sá e Master of Business Administration (MBA) em Gestão estratégica de Marcas (2014) pela Universidade de Fortaleza (Unifor). Trabalho como jornalista e coordeno a área de Mídias Sociais do Sistema Jangadeiro de Comunicação. </p>

<p>Graduado em Comunicação Social com habilitação em Jornalismo (2011) pelo Centro Acadêmico Estácio de Sá e Master of Business Administration (MBA) em Gestão estratégica de Marcas (2014) pela Universidade de Fortaleza (Unifor). Trabalho como jornalista e coordeno a área de &hellip; <a href="https://fortaleza.wordcamp.org/2016/speaker/emilio-moreno/">Continue lendo <span class="assistive-text">Emílio Moreno</span>  <span class="meta-nav">&rarr;</span></a></p>
