{"id":575,"date":"2016-07-14T15:52:28","date_gmt":"2016-07-14T18:52:28","guid":{"rendered":"https:\/\/fortaleza.wordcamp.org\/2016\/?post_type=wcb_speaker&#038;p=575"},"modified":"2016-07-14T15:52:36","modified_gmt":"2016-07-14T18:52:36","slug":"marcellombelem","status":"publish","type":"wcb_speaker","link":"https:\/\/fortaleza.wordcamp.org\/2016\/speaker\/marcellombelem\/","title":{"rendered":"marcellombelem"},"content":{"rendered":"<p>Pai do Vin\u00edcius e marido da Carol. Publicit\u00e1rio, formado pela Est\u00e1cio-FIC em 2011 e Webdesigner\/Webmaster formado pela Universidade Gama Filho em 2002. Possuo experi\u00eancia na condu\u00e7\u00e3o de projetos web, no reposicionamento de marcas com foco em aumento de convers\u00f5es e gera\u00e7\u00e3o de novos neg\u00f3cios. Tenho habilidades como Designer, mas como s\u00f3cio de uma empresa de comunica\u00e7\u00e3o por mais de 15 anos, dediquei o meu tempo na forma\u00e7\u00e3o de parcerias, atendimento ao cliente, planejamento estrat\u00e9gico, estudo e aplica\u00e7\u00e3o de t\u00e9cnicas para maximizar o plano de comunica\u00e7\u00e3o das empresas nos meios digitais. Tenho grande facilidade de comunica\u00e7\u00e3o e forma\u00e7\u00e3o de grupos colaboradores. Trabalhei em projetos com as principais ag\u00eancias de propaganda do estado, com resultados de grande valia.<\/p>\n<p>Atualmente, sou s\u00f3cio na ag\u00eancia Carbono (www.carbono.digital) e ocupo o cargo de Presidente da ACADi &#8211; Associa\u00e7\u00e3o Cearense de Agentes Digitais. Dentro desta entidade busco em conjunto com meus colegas, diretores, coordenadores e parceiros, fomentar a cultura digital no estado do Cear\u00e1. Al\u00e9m disso, buscamos continuamente formas de padroniza\u00e7\u00e3o e regulamenta\u00e7\u00e3o das atividades profissionais que permeiam os servi\u00e7os digitais no estado do Cear\u00e1.<\/p>\n<p>Forma\u00e7\u00e3o complementar: PNL, Coaching, empreendedorismo e lideran\u00e7a.<\/p>\n","protected":false},"excerpt":{"rendered":"<p>Pai do Vin\u00edcius e marido da Carol. Publicit\u00e1rio, formado pela Est\u00e1cio-FIC em 2011 e Webdesigner\/Webmaster formado pela Universidade Gama Filho em 2002. Possuo experi\u00eancia na condu\u00e7\u00e3o de projetos web, no reposicionamento de marcas com foco em aumento de convers\u00f5es e &hellip; <a href=\"https:\/\/fortaleza.wordcamp.org\/2016\/speaker\/marcellombelem\/\">Continue lendo <span class=\"assistive-text\">marcellombelem<\/span>  <span class=\"meta-nav\">&rarr;<\/span><\/a><\/p>\n","protected":false},"author":7694169,"featured_media":0,"comment_status":"open","ping_status":"closed","template":"","meta":{"_crdt_document":"","jetpack_post_was_ever_published":false,"_wcpt_user_name":"marcellombelem","footnotes":""},"speaker_group":[],"class_list":["post-575","wcb_speaker","type-wcb_speaker","status-publish","hentry"],"jetpack_sharing_enabled":true,"jetpack_shortlink":"https:\/\/wp.me\/p7nbJR-9h","jetpack_likes_enabled":true,"avatar_urls":{"24":"https:\/\/secure.gravatar.com\/avatar\/02159296ee5e7bd7f53df2b27049051a3be255226483c3e60ae1d0225a234821?s=24&d=mm&r=g","48":"https:\/\/secure.gravatar.com\/avatar\/02159296ee5e7bd7f53df2b27049051a3be255226483c3e60ae1d0225a234821?s=48&d=mm&r=g","96":"https:\/\/secure.gravatar.com\/avatar\/02159296ee5e7bd7f53df2b27049051a3be255226483c3e60ae1d0225a234821?s=96&d=mm&r=g","128":"https:\/\/secure.gravatar.com\/avatar\/02159296ee5e7bd7f53df2b27049051a3be255226483c3e60ae1d0225a234821?s=128&d=mm&r=g","256":"https:\/\/secure.gravatar.com\/avatar\/02159296ee5e7bd7f53df2b27049051a3be255226483c3e60ae1d0225a234821?s=256&d=mm&r=g","512":"https:\/\/secure.gravatar.com\/avatar\/02159296ee5e7bd7f53df2b27049051a3be255226483c3e60ae1d0225a234821?s=512&d=mm&r=g"},"_links":{"self":[{"href":"https:\/\/fortaleza.wordcamp.org\/2016\/wp-json\/wp\/v2\/speakers\/575","targetHints":{"allow":["GET"]}}],"collection":[{"href":"https:\/\/fortaleza.wordcamp.org\/2016\/wp-json\/wp\/v2\/speakers"}],"about":[{"href":"https:\/\/fortaleza.wordcamp.org\/2016\/wp-json\/wp\/v2\/types\/wcb_speaker"}],"replies":[{"embeddable":true,"href":"https:\/\/fortaleza.wordcamp.org\/2016\/wp-json\/wp\/v2\/comments?post=575"}],"version-history":[{"count":1,"href":"https:\/\/fortaleza.wordcamp.org\/2016\/wp-json\/wp\/v2\/speakers\/575\/revisions"}],"predecessor-version":[{"id":717,"href":"https:\/\/fortaleza.wordcamp.org\/2016\/wp-json\/wp\/v2\/speakers\/575\/revisions\/717"}],"sessions":[{"embeddable":true,"href":"https:\/\/fortaleza.wordcamp.org\/2016\/wp-json\/wp\/v2\/sessions\/576?_embed=1&context=view"}],"author":[{"embeddable":true,"href":"https:\/\/fortaleza.wordcamp.org\/2016\/wp-json\/wporg\/v1\/users\/wordcamp"}],"wp:attachment":[{"href":"https:\/\/fortaleza.wordcamp.org\/2016\/wp-json\/wp\/v2\/media?parent=575"}],"wp:term":[{"taxonomy":"wcb_speaker_group","embeddable":true,"href":"https:\/\/fortaleza.wordcamp.org\/2016\/wp-json\/wp\/v2\/speaker_group?post=575"}],"curies":[{"name":"wp","href":"https:\/\/api.w.org\/{rel}","templated":true}]}}

<p>Pai do Vinícius e marido da Carol. Publicitário, formado pela Estácio-FIC em 2011 e Webdesigner/Webmaster formado pela Universidade Gama Filho em 2002. Possuo experiência na condução de projetos web, no reposicionamento de marcas com foco em aumento de conversões e geração de novos negócios. Tenho habilidades como Designer, mas como sócio de uma empresa de comunicação por mais de 15 anos, dediquei o meu tempo na formação de parcerias, atendimento ao cliente, planejamento estratégico, estudo e aplicação de técnicas para maximizar o plano de comunicação das empresas nos meios digitais. Tenho grande facilidade de comunicação e formação de grupos colaboradores. Trabalhei em projetos com as principais agências de propaganda do estado, com resultados de grande valia.</p>
<p>Atualmente, sou sócio na agência Carbono (www.carbono.digital) e ocupo o cargo de Presidente da ACADi &#8211; Associação Cearense de Agentes Digitais. Dentro desta entidade busco em conjunto com meus colegas, diretores, coordenadores e parceiros, fomentar a cultura digital no estado do Ceará. Além disso, buscamos continuamente formas de padronização e regulamentação das atividades profissionais que permeiam os serviços digitais no estado do Ceará.</p>
<p>Formação complementar: PNL, Coaching, empreendedorismo e liderança.</p>

<p>Pai do Vinícius e marido da Carol. Publicitário, formado pela Estácio-FIC em 2011 e Webdesigner/Webmaster formado pela Universidade Gama Filho em 2002. Possuo experiência na condução de projetos web, no reposicionamento de marcas com foco em aumento de conversões e &hellip; <a href="https://fortaleza.wordcamp.org/2016/speaker/marcellombelem/">Continue lendo <span class="assistive-text">marcellombelem</span>  <span class="meta-nav">&rarr;</span></a></p>
